[INFO] cloning repository https://github.com/aaronabramov/rust_pg
[INFO] running `Command { std: "git" "-c" "credential.helper=" "-c" "credential.helper=/workspace/cargo-home/bin/git-credential-null" "clone" "--bare" "https://github.com/aaronabramov/rust_pg" "/workspace/cache/git-repos/https%3A%2F%2Fgithub.com%2Faaronabramov%2Frust_pg", kill_on_drop: false }`
[INFO] [stderr] Cloning into bare repository '/workspace/cache/git-repos/https%3A%2F%2Fgithub.com%2Faaronabramov%2Frust_pg'...
[INFO] running `Command { std: "git" "rev-parse" "HEAD", kill_on_drop: false }`
[INFO] [stdout] 005f20c7810988dc4b5745c2495c5d5d08e2175e
[INFO] checking aaronabramov/rust_pg against try#72f88fc4e9458f89516a0b8b0868f3718aec5b47 for pr-74989
[INFO] running `Command { std: "git" "clone" "/workspace/cache/git-repos/https%3A%2F%2Fgithub.com%2Faaronabramov%2Frust_pg" "/workspace/builds/worker-5/source", kill_on_drop: false }`
[INFO] [stderr] Cloning into '/workspace/builds/worker-5/source'...
[INFO] [stderr] done.
[INFO] validating manifest of git repo https://github.com/aaronabramov/rust_pg on toolchain 72f88fc4e9458f89516a0b8b0868f3718aec5b47
[INFO] running `Command { std: "/workspace/cargo-home/bin/cargo" "+72f88fc4e9458f89516a0b8b0868f3718aec5b47" "read-manifest" "--manifest-path" "Cargo.toml", kill_on_drop: false }`
[INFO] started tweaking git repo https://github.com/aaronabramov/rust_pg
[INFO] finished tweaking git repo https://github.com/aaronabramov/rust_pg
[INFO] tweaked toml for git repo https://github.com/aaronabramov/rust_pg written to /workspace/builds/worker-5/source/Cargo.toml
[INFO] crate git repo https://github.com/aaronabramov/rust_pg already has a lockfile, it will not be regenerated
[INFO] running `Command { std: "/workspace/cargo-home/bin/cargo" "+72f88fc4e9458f89516a0b8b0868f3718aec5b47" "fetch" "--locked" "--manifest-path" "Cargo.toml", kill_on_drop: false }`
[INFO] [stderr] error: the lock file /workspace/builds/worker-5/source/Cargo.lock needs to be updated but --locked was passed to prevent this
[INFO] [stderr] If you want to try to generate the lock file without accessing the network, use the --offline flag.
[INFO] the lockfile is outdated, regenerating it
[INFO] running `Command { std: "/workspace/cargo-home/bin/cargo" "+72f88fc4e9458f89516a0b8b0868f3718aec5b47" "generate-lockfile" "--manifest-path" "Cargo.toml" "-Zno-index-update", kill_on_drop: false }`
[INFO] running `Command { std: "/workspace/cargo-home/bin/cargo" "+72f88fc4e9458f89516a0b8b0868f3718aec5b47" "fetch" "--locked" "--manifest-path" "Cargo.toml", kill_on_drop: false }`
[INFO] [stderr]  Downloading crates ...
[INFO] [stderr]   Downloaded pkg-config v0.1.7
[INFO] [stderr]   Downloaded openssl-sys v0.2.18
[INFO] [stderr]   Downloaded phf v0.4.9
[INFO] [stderr]   Downloaded log v0.1.10
[INFO] [stderr]   Downloaded phf_shared v0.4.9
[INFO] [stderr]   Downloaded phf_mac v0.4.9
[INFO] [stderr]   Downloaded postgres v0.2.4
[INFO] [stderr]   Downloaded openssl v0.2.18
[INFO] [stderr]   Downloaded rustc-serialize v0.1.5
[INFO] running `Command { std: "docker" "create" "-v" "/var/lib/crater-agent-workspace/builds/worker-5/target:/opt/rustwide/target:rw,Z" "-v" "/var/lib/crater-agent-workspace/builds/worker-5/source:/opt/rustwide/workdir:ro,Z" "-v" "/var/lib/crater-agent-workspace/cargo-home:/opt/rustwide/cargo-home:ro,Z" "-v" "/var/lib/crater-agent-workspace/rustup-home:/opt/rustwide/rustup-home:ro,Z" "-e" "SOURCE_DIR=/opt/rustwide/workdir" "-e" "CARGO_TARGET_DIR=/opt/rustwide/target" "-e" "CARGO_HOME=/opt/rustwide/cargo-home" "-e" "RUSTUP_HOME=/opt/rustwide/rustup-home" "-w" "/opt/rustwide/workdir" "-m" "1610612736" "--user" "0:0" "--network" "none" "rustops/crates-build-env@sha256:d92eaeed33fa75130ca1ee6c8a01d1ffb62bac859dfdfb3450e3e5d1c0146529" "/opt/rustwide/cargo-home/bin/cargo" "+72f88fc4e9458f89516a0b8b0868f3718aec5b47" "metadata" "--no-deps" "--format-version=1", kill_on_drop: false }`
[INFO] [stdout] 4aefaa0e785e6f8430ef1e1c77edec9ebfda9008d7ba305084560070ecd81b98
[INFO] [stderr] WARNING: Your kernel does not support swap limit capabilities or the cgroup is not mounted. Memory limited without swap.
[INFO] running `Command { std: "docker" "start" "-a" "4aefaa0e785e6f8430ef1e1c77edec9ebfda9008d7ba305084560070ecd81b98", kill_on_drop: false }`
[INFO] running `Command { std: "docker" "inspect" "4aefaa0e785e6f8430ef1e1c77edec9ebfda9008d7ba305084560070ecd81b98", kill_on_drop: false }`
[INFO] running `Command { std: "docker" "rm" "-f" "4aefaa0e785e6f8430ef1e1c77edec9ebfda9008d7ba305084560070ecd81b98", kill_on_drop: false }`
[INFO] [stdout] 4aefaa0e785e6f8430ef1e1c77edec9ebfda9008d7ba305084560070ecd81b98
[INFO] running `Command { std: "docker" "create" "-v" "/var/lib/crater-agent-workspace/builds/worker-5/target:/opt/rustwide/target:rw,Z" "-v" "/var/lib/crater-agent-workspace/builds/worker-5/source:/opt/rustwide/workdir:ro,Z" "-v" "/var/lib/crater-agent-workspace/cargo-home:/opt/rustwide/cargo-home:ro,Z" "-v" "/var/lib/crater-agent-workspace/rustup-home:/opt/rustwide/rustup-home:ro,Z" "-e" "SOURCE_DIR=/opt/rustwide/workdir" "-e" "CARGO_TARGET_DIR=/opt/rustwide/target" "-e" "CARGO_INCREMENTAL=0" "-e" "RUST_BACKTRACE=full" "-e" "RUSTFLAGS=--cap-lints=forbid" "-e" "CARGO_HOME=/opt/rustwide/cargo-home" "-e" "RUSTUP_HOME=/opt/rustwide/rustup-home" "-w" "/opt/rustwide/workdir" "-m" "1610612736" "--user" "0:0" "--network" "none" "rustops/crates-build-env@sha256:d92eaeed33fa75130ca1ee6c8a01d1ffb62bac859dfdfb3450e3e5d1c0146529" "/opt/rustwide/cargo-home/bin/cargo" "+72f88fc4e9458f89516a0b8b0868f3718aec5b47" "check" "--frozen" "--all" "--all-targets" "--message-format=json", kill_on_drop: false }`
[INFO] [stdout] b7f73b786db2224c525d1a50d5ce5771a12d46732ea2f3fd3880c6bd01d3b1cc
[INFO] [stderr] WARNING: Your kernel does not support swap limit capabilities or the cgroup is not mounted. Memory limited without swap.
[INFO] running `Command { std: "docker" "start" "-a" "b7f73b786db2224c525d1a50d5ce5771a12d46732ea2f3fd3880c6bd01d3b1cc", kill_on_drop: false }`
[INFO] [stderr]    Compiling pkg-config v0.1.7
[INFO] [stderr]     Checking utf8-ranges v0.1.3
[INFO] [stderr]     Checking regex-syntax v0.3.9
[INFO] [stderr]    Compiling phf_shared v0.4.9
[INFO] [stderr]     Checking rustc-serialize v0.1.5
[INFO] [stderr]     Checking thread-id v2.0.0
[INFO] [stderr]     Checking uuid v0.1.18
[INFO] [stdout] error: expected one of `:`, `=`, `where`, or `{`, found keyword `for`
[INFO] [stdout]    --> /opt/rustwide/cargo-home/registry/src/github.com-1ecc6299db9ec823/rustc-serialize-0.1.5/src/serialize.rs:175:38
[INFO] [stdout]     |
[INFO] [stdout] 175 | pub trait Encodable<S:Encoder<E>, E> for Sized? {
[INFO] [stdout]     |                                      ^^^ expected one of `:`, `=`, `where`, or `{`
[INFO] [stdout] 
[INFO] [stdout] 
[INFO] [stdout] error: invalid suffix `u` for integer literal
[INFO] [stdout]   --> /opt/rustwide/cargo-home/registry/src/github.com-1ecc6299db9ec823/rustc-serialize-0.1.5/src/collection_impls.rs:40:28
[INFO] [stdout]    |
[INFO] [stdout] 40 |             for i in range(0u, len) {
[INFO] [stdout]    |                            ^^ invalid suffix `u`
[INFO] [stdout]    |
[INFO] [stdout]    = help: the suffix must be one of the integral types (`u32`, `isize`, etc)
[INFO] [stdout] 
[INFO] [stdout] 
[INFO] [stdout] error: invalid suffix `u` for integer literal
[INFO] [stdout]   --> /opt/rustwide/cargo-home/registry/src/github.com-1ecc6299db9ec823/rustc-serialize-0.1.5/src/collection_impls.rs:67:28
[INFO] [stdout]    |
[INFO] [stdout] 67 |             for i in range(0u, len) {
[INFO] [stdout]    |                            ^^ invalid suffix `u`
[INFO] [stdout]    |
[INFO] [stdout]    = help: the suffix must be one of the integral types (`u32`, `isize`, etc)
[INFO] [stdout] 
[INFO] [stdout] 
[INFO] [stdout] error: invalid suffix `u` for integer literal
[INFO] [stdout]    --> /opt/rustwide/cargo-home/registry/src/github.com-1ecc6299db9ec823/rustc-serialize-0.1.5/src/collection_impls.rs:103:28
[INFO] [stdout]     |
[INFO] [stdout] 103 |             for i in range(0u, len) {
[INFO] [stdout]     |                            ^^ invalid suffix `u`
[INFO] [stdout]     |
[INFO] [stdout]     = help: the suffix must be one of the integral types (`u32`, `isize`, etc)
[INFO] [stdout] 
[INFO] [stdout] 
[INFO] [stdout] error: invalid suffix `u` for integer literal
[INFO] [stdout]    --> /opt/rustwide/cargo-home/registry/src/github.com-1ecc6299db9ec823/rustc-serialize-0.1.5/src/collection_impls.rs:138:28
[INFO] [stdout]     |
[INFO] [stdout] 138 |             for i in range(0u, len) {
[INFO] [stdout]     |                            ^^ invalid suffix `u`
[INFO] [stdout]     |
[INFO] [stdout]     = help: the suffix must be one of the integral types (`u32`, `isize`, etc)
[INFO] [stdout] 
[INFO] [stdout] 
[INFO] [stdout] error: invalid suffix `u` for integer literal
[INFO] [stdout]    --> /opt/rustwide/cargo-home/registry/src/github.com-1ecc6299db9ec823/rustc-serialize-0.1.5/src/collection_impls.rs:210:28
[INFO] [stdout]     |
[INFO] [stdout] 210 |             for i in range(0u, len) {
[INFO] [stdout]     |                            ^^ invalid suffix `u`
[INFO] [stdout]     |
[INFO] [stdout]     = help: the suffix must be one of the integral types (`u32`, `isize`, etc)
[INFO] [stdout] 
[INFO] [stdout] 
[INFO] [stdout] error: invalid suffix `u` for integer literal
[INFO] [stdout]    --> /opt/rustwide/cargo-home/registry/src/github.com-1ecc6299db9ec823/rustc-serialize-0.1.5/src/collection_impls.rs:249:28
[INFO] [stdout]     |
[INFO] [stdout] 249 |             for i in range(0u, len) {
[INFO] [stdout]     |                            ^^ invalid suffix `u`
[INFO] [stdout]     |
[INFO] [stdout]     = help: the suffix must be one of the integral types (`u32`, `isize`, etc)
[INFO] [stdout] 
[INFO] [stdout] 
[INFO] [stdout] error: invalid suffix `u` for integer literal
[INFO] [stdout]    --> /opt/rustwide/cargo-home/registry/src/github.com-1ecc6299db9ec823/rustc-serialize-0.1.5/src/collection_impls.rs:281:28
[INFO] [stdout]     |
[INFO] [stdout] 281 |             for i in range(0u, len) {
[INFO] [stdout]     |                            ^^ invalid suffix `u`
[INFO] [stdout]     |
[INFO] [stdout]     = help: the suffix must be one of the integral types (`u32`, `isize`, etc)
[INFO] [stdout] 
[INFO] [stdout] 
[INFO] [stdout] error: expected one of `:`, `<`, `=`, `where`, or `{`, found keyword `for`
[INFO] [stdout]   --> /opt/rustwide/cargo-home/registry/src/github.com-1ecc6299db9ec823/rustc-serialize-0.1.5/src/base64.rs:73:20
[INFO] [stdout]    |
[INFO] [stdout] 73 | pub trait ToBase64 for Sized? {
[INFO] [stdout]    |                    ^^^ expected one of `:`, `<`, `=`, `where`, or `{`
[INFO] [stdout] 
[INFO] [stdout] 
[INFO] [stdout] error: expected one of `:`, `<`, `=`, `where`, or `{`, found keyword `for`
[INFO] [stdout]   --> /opt/rustwide/cargo-home/registry/src/github.com-1ecc6299db9ec823/rustc-serialize-0.1.5/src/hex.rs:21:17
[INFO] [stdout]    |
[INFO] [stdout] 21 | pub trait ToHex for Sized? {
[INFO] [stdout]    |                 ^^^ expected one of `:`, `<`, `=`, `where`, or `{`
[INFO] [stdout] 
[INFO] [stdout] 
[INFO] [stdout] error: expected expression, found keyword `mut`
[INFO] [stdout]    --> /opt/rustwide/cargo-home/registry/src/github.com-1ecc6299db9ec823/rustc-serialize-0.1.5/src/json.rs:396:30
[INFO] [stdout]     |
[INFO] [stdout] 396 |     escape_bytes(writer, buf[mut ..len])
[INFO] [stdout]     |                              ^^^ expected expression
[INFO] [stdout] 
[INFO] [stdout] 
[INFO] [stdout] error: expected one of `!`, `(`, `+`, `::`, `;`, `<`, or `]`, found `,`
[INFO] [stdout]    --> /opt/rustwide/cargo-home/registry/src/github.com-1ecc6299db9ec823/rustc-serialize-0.1.5/src/json.rs:401:20
[INFO] [stdout]     |
[INFO] [stdout] 401 |     static BUF: [u8, ..LEN] = [b' ', ..LEN];
[INFO] [stdout]     |                    ^ expected one of 7 possible tokens
[INFO] [stdout] 
[INFO] [stdout] 
[INFO] [stdout] error: invalid suffix `u` for integer literal
[INFO] [stdout]    --> /opt/rustwide/cargo-home/registry/src/github.com-1ecc6299db9ec823/rustc-serialize-0.1.5/src/json.rs:420:57
[INFO] [stdout]     |
[INFO] [stdout] 420 |         _ if v.fract() != 0f64 => f64::to_str_digits(v, 6u),
[INFO] [stdout]     |                                                         ^^ invalid suffix `u`
[INFO] [stdout]     |
[INFO] [stdout]     = help: the suffix must be one of the integral types (`u32`, `isize`, etc)
[INFO] [stdout] 
[INFO] [stdout] 
[INFO] [stdout] error: invalid suffix `u` for integer literal
[INFO] [stdout]    --> /opt/rustwide/cargo-home/registry/src/github.com-1ecc6299db9ec823/rustc-serialize-0.1.5/src/json.rs:421:36
[INFO] [stdout]     |
[INFO] [stdout] 421 |         _ => f64::to_str_digits(v, 6u) + ".0",
[INFO] [stdout]     |                                    ^^ invalid suffix `u`
[INFO] [stdout]     |
[INFO] [stdout]     = help: the suffix must be one of the integral types (`u32`, `isize`, etc)
[INFO] [stdout] 
[INFO] [stdout] 
[INFO] [stdout] error: expected expression, found `]`
[INFO] [stdout]    --> /opt/rustwide/cargo-home/registry/src/github.com-1ecc6299db9ec823/rustc-serialize-0.1.5/src/json.rs:631:38
[INFO] [stdout]     |
[INFO] [stdout] 631 |         let out = str::from_utf8(buf[]).unwrap();
[INFO] [stdout]     |                                      ^ expected expression
[INFO] [stdout] 
[INFO] [stdout] 
[INFO] [stdout] error: expected expression, found `]`
[INFO] [stdout]    --> /opt/rustwide/cargo-home/registry/src/github.com-1ecc6299db9ec823/rustc-serialize-0.1.5/src/json.rs:900:38
[INFO] [stdout]     |
[INFO] [stdout] 900 |         let out = str::from_utf8(buf[]).unwrap();
[INFO] [stdout]     |                                      ^ expected expression
[INFO] [stdout] 
[INFO] [stdout] 
[INFO] [stdout] error: expected expression, found `]`
[INFO] [stdout]     --> /opt/rustwide/cargo-home/registry/src/github.com-1ecc6299db9ec823/rustc-serialize-0.1.5/src/json.rs:1035:43
[INFO] [stdout]      |
[INFO] [stdout] 1035 |             Json::String(ref s) => Some(s[]),
[INFO] [stdout]      |                                           ^ expected expression
[INFO] [stdout] 
[INFO] [stdout] 
[INFO] [stdout] error: invalid suffix `u` for integer literal
[INFO] [stdout]     --> /opt/rustwide/cargo-home/registry/src/github.com-1ecc6299db9ec823/rustc-serialize-0.1.5/src/json.rs:1381:26
[INFO] [stdout]      |
[INFO] [stdout] 1381 |             self.line += 1u;
[INFO] [stdout]      |                          ^^ invalid suffix `u`
[INFO] [stdout]      |
[INFO] [stdout]      = help: the suffix must be one of the integral types (`u32`, `isize`, etc)
[INFO] [stdout] 
[INFO] [stdout] 
[INFO] [stdout] error: invalid suffix `u` for integer literal
[INFO] [stdout]     --> /opt/rustwide/cargo-home/registry/src/github.com-1ecc6299db9ec823/rustc-serialize-0.1.5/src/json.rs:1382:24
[INFO] [stdout]      |
[INFO] [stdout] 1382 |             self.col = 1u;
[INFO] [stdout]      |                        ^^ invalid suffix `u`
[INFO] [stdout]      |
[INFO] [stdout]      = help: the suffix must be one of the integral types (`u32`, `isize`, etc)
[INFO] [stdout] 
[INFO] [stdout] 
[INFO] [stdout] error: invalid suffix `u` for integer literal
[INFO] [stdout]     --> /opt/rustwide/cargo-home/registry/src/github.com-1ecc6299db9ec823/rustc-serialize-0.1.5/src/json.rs:1384:25
[INFO] [stdout]      |
[INFO] [stdout] 1384 |             self.col += 1u;
[INFO] [stdout]      |                         ^^ invalid suffix `u`
[INFO] [stdout]      |
[INFO] [stdout]      = help: the suffix must be one of the integral types (`u32`, `isize`, etc)
[INFO] [stdout] 
[INFO] [stdout] 
[INFO] [stdout] error: invalid suffix `u` for integer literal
[INFO] [stdout]     --> /opt/rustwide/cargo-home/registry/src/github.com-1ecc6299db9ec823/rustc-serialize-0.1.5/src/json.rs:1521:23
[INFO] [stdout]      |
[INFO] [stdout] 1521 |         let mut exp = 0u;
[INFO] [stdout]      |                       ^^ invalid suffix `u`
[INFO] [stdout]      |
[INFO] [stdout]      = help: the suffix must be one of the integral types (`u32`, `isize`, etc)
[INFO] [stdout] 
[INFO] [stdout] 
[INFO] [stdout] error: invalid suffix `u` for integer literal
[INFO] [stdout]     --> /opt/rustwide/cargo-home/registry/src/github.com-1ecc6299db9ec823/rustc-serialize-0.1.5/src/json.rs:1559:21
[INFO] [stdout]      |
[INFO] [stdout] 1559 |         let mut i = 0u;
[INFO] [stdout]      |                     ^^ invalid suffix `u`
[INFO] [stdout]      |
[INFO] [stdout]      = help: the suffix must be one of the integral types (`u32`, `isize`, etc)
[INFO] [stdout] 
[INFO] [stdout] 
[INFO] [stdout] error: invalid suffix `u` for integer literal
[INFO] [stdout]     --> /opt/rustwide/cargo-home/registry/src/github.com-1ecc6299db9ec823/rustc-serialize-0.1.5/src/json.rs:1574:18
[INFO] [stdout]      |
[INFO] [stdout] 1574 |             i += 1u;
[INFO] [stdout]      |                  ^^ invalid suffix `u`
[INFO] [stdout]      |
[INFO] [stdout]      = help: the suffix must be one of the integral types (`u32`, `isize`, etc)
[INFO] [stdout] 
[INFO] [stdout] 
[INFO] [stdout] error: expected expression, found `]`
[INFO] [stdout]     --> /opt/rustwide/cargo-home/registry/src/github.com-1ecc6299db9ec823/rustc-serialize-0.1.5/src/json.rs:2142:62
[INFO] [stdout]      |
[INFO] [stdout] 2142 |         let idx = match names.iter().position(|n| *n == name[]) {
[INFO] [stdout]      |                   ----- while parsing this match expression  ^ expected expression
[INFO] [stdout] 
[INFO] [stdout] 
[INFO] [stdout] error: expected one of `:`, `<`, `=`, `where`, or `{`, found keyword `for`
[INFO] [stdout]     --> /opt/rustwide/cargo-home/registry/src/github.com-1ecc6299db9ec823/rustc-serialize-0.1.5/src/json.rs:2301:18
[INFO] [stdout]      |
[INFO] [stdout] 2301 | pub trait ToJson for Sized? {
[INFO] [stdout]      |                  ^^^ expected one of `:`, `<`, `=`, `where`, or `{`
[INFO] [stdout] 
[INFO] [stdout] 
[INFO] [stdout] error: expected expression, found `]`
[INFO] [stdout]   --> /opt/rustwide/cargo-home/registry/src/github.com-1ecc6299db9ec823/pkg-config-0.1.7/src/lib.rs:70:60
[INFO] [stdout]    |
[INFO] [stdout] 70 |             if options.statik && !is_system_lib(val, &dirs[]) {
[INFO] [stdout]    |                                                            ^ expected expression
[INFO] [stdout] 
[INFO] [stdout] 
[INFO] [stdout] error[E0259]: the name `core` is defined multiple times
[INFO] [stdout]  --> /opt/rustwide/cargo-home/registry/src/github.com-1ecc6299db9ec823/phf_shared-0.4.9/src/lib.rs:3:1
[INFO] [stdout]   |
[INFO] [stdout] 3 | extern crate core;
[INFO] [stdout]   | ^^^^^^^^^^^^^^^^^^ `core` reimported here
[INFO] [stdout]   |
[INFO] [stdout]   = note: `core` must be defined only once in the type namespace of this module
[INFO] [stdout] help: you can use `as` to change the binding name of the import
[INFO] [stdout]   |
[INFO] [stdout] 3 | extern crate core as other_core;
[INFO] [stdout]   |
[INFO] [stdout] 
[INFO] [stdout] 
[INFO] [stdout] error[E0432]: unresolved import `core::slice::AsSlice`
[INFO] [stdout]  --> /opt/rustwide/cargo-home/registry/src/github.com-1ecc6299db9ec823/phf_shared-0.4.9/src/lib.rs:5:5
[INFO] [stdout]   |
[INFO] [stdout] 5 | use core::slice::AsSlice;
[INFO] [stdout]   |     ^^^^^^^^^^^^^^^^^^^^ no `AsSlice` in `slice`
[INFO] [stdout] 
[INFO] [stdout] 
[INFO] [stdout] error[E0432]: unresolved import `core::str::StrExt`
[INFO] [stdout]  --> /opt/rustwide/cargo-home/registry/src/github.com-1ecc6299db9ec823/phf_shared-0.4.9/src/lib.rs:6:5
[INFO] [stdout]   |
[INFO] [stdout] 6 | use core::str::StrExt;
[INFO] [stdout]   |     ^^^^^^^^^^^^^^^^^ no `StrExt` in `str`
[INFO] [stdout] 
[INFO] [stdout] 
[INFO] [stdout] error[E0432]: unresolved import `core::hash::Writer`
[INFO] [stdout]  --> /opt/rustwide/cargo-home/registry/src/github.com-1ecc6299db9ec823/phf_shared-0.4.9/src/lib.rs:7:18
[INFO] [stdout]   |
[INFO] [stdout] 7 | use core::hash::{Writer, Hasher, Hash, SipHasher};
[INFO] [stdout]   |                  ^^^^^^ no `Writer` in `hash`
[INFO] [stdout] 
[INFO] [stdout] 
[INFO] [stdout] error[E0433]: failed to resolve: could not find `old_io` in `std`
[INFO] [stdout]  --> /opt/rustwide/cargo-home/registry/src/github.com-1ecc6299db9ec823/pkg-config-0.1.7/src/lib.rs:4:10
[INFO] [stdout]   |
[INFO] [stdout] 4 | use std::old_io::fs::PathExtensions;
[INFO] [stdout]   |          ^^^^^^ could not find `old_io` in `std`
[INFO] [stdout] 
[INFO] [stdout] 
[INFO] [stdout] error[E0463]: can't find crate for `unicode`
[INFO] [stdout]   --> /opt/rustwide/cargo-home/registry/src/github.com-1ecc6299db9ec823/rustc-serialize-0.1.5/src/lib.rs:23:1
[INFO] [stdout]    |
[INFO] [stdout] 23 | extern crate unicode;
[INFO] [stdout]    | ^^^^^^^^^^^^^^^^^^^^^ can't find crate
[INFO] [stdout] 
[INFO] [stdout] 
[INFO] [stdout] error[E0259]: the name `core` is defined multiple times
[INFO] [stdout]  --> /opt/rustwide/cargo-home/registry/src/github.com-1ecc6299db9ec823/phf_shared-0.4.9/src/lib.rs:3:1
[INFO] [stdout]   |
[INFO] [stdout] 3 | extern crate core;
[INFO] [stdout]   | ^^^^^^^^^^^^^^^^^^ `core` reimported here
[INFO] [stdout]   |
[INFO] [stdout]   = note: `core` must be defined only once in the type namespace of this module
[INFO] [stdout] help: you can use `as` to change the binding name of the import
[INFO] [stdout]   |
[INFO] [stdout] 3 | extern crate core as other_core;
[INFO] [stdout]   |
[INFO] [stdout] 
[INFO] [stdout] 
[INFO] [stdout] error[E0432]: unresolved import `std::old_io`
[INFO] [stdout]  --> /opt/rustwide/cargo-home/registry/src/github.com-1ecc6299db9ec823/pkg-config-0.1.7/src/lib.rs:3:10
[INFO] [stdout]   |
[INFO] [stdout] 3 | use std::old_io::Command;
[INFO] [stdout]   |          ^^^^^^ could not find `old_io` in `std`
[INFO] [stdout] 
[INFO] [stdout] 
[INFO] [stdout] error: aborting due to 26 previous errors
[INFO] [stdout] 
[INFO] [stdout] 
[INFO] [stdout] For more information about this error, try `rustc --explain E0463`.
[INFO] [stdout] 
[INFO] [stdout] error[E0432]: unresolved import `core::slice::AsSlice`
[INFO] [stdout]  --> /opt/rustwide/cargo-home/registry/src/github.com-1ecc6299db9ec823/phf_shared-0.4.9/src/lib.rs:5:5
[INFO] [stdout]   |
[INFO] [stdout] 5 | use core::slice::AsSlice;
[INFO] [stdout]   |     ^^^^^^^^^^^^^^^^^^^^ no `AsSlice` in `slice`
[INFO] [stdout] 
[INFO] [stdout] 
[INFO] [stdout] error[E0432]: unresolved import `core::str::StrExt`
[INFO] [stdout]  --> /opt/rustwide/cargo-home/registry/src/github.com-1ecc6299db9ec823/phf_shared-0.4.9/src/lib.rs:6:5
[INFO] [stdout]   |
[INFO] [stdout] 6 | use core::str::StrExt;
[INFO] [stdout]   |     ^^^^^^^^^^^^^^^^^ no `StrExt` in `str`
[INFO] [stdout] 
[INFO] [stdout] 
[INFO] [stdout] error[E0432]: unresolved import `core::hash::Writer`
[INFO] [stdout]  --> /opt/rustwide/cargo-home/registry/src/github.com-1ecc6299db9ec823/phf_shared-0.4.9/src/lib.rs:7:18
[INFO] [stdout]   |
[INFO] [stdout] 7 | use core::hash::{Writer, Hasher, Hash, SipHasher};
[INFO] [stdout]   |                  ^^^^^^ no `Writer` in `hash`
[INFO] [stdout] 
[INFO] [stdout] 
[INFO] [stderr] error: could not compile `rustc-serialize`.
[INFO] [stderr] 
[INFO] [stderr] To learn more, run the command again with --verbose.
[INFO] [stderr] warning: build failed, waiting for other jobs to finish...
[INFO] [stdout] error[E0425]: cannot find function `getenv` in module `os`
[INFO] [stdout]  --> /opt/rustwide/cargo-home/registry/src/github.com-1ecc6299db9ec823/pkg-config-0.1.7/src/lib.rs:9:9
[INFO] [stdout]   |
[INFO] [stdout] 9 |     os::getenv("HOST") == os::getenv("TARGET") ||
[INFO] [stdout]   |         ^^^^^^ not found in `os`
[INFO] [stdout]   |
[INFO] [stdout] help: consider importing this function
[INFO] [stdout]   |
[INFO] [stdout] 3 | use os::unix::process::sys::os::getenv;
[INFO] [stdout]   |
[INFO] [stdout] 
[INFO] [stdout] 
[INFO] [stdout] error[E0425]: cannot find function `getenv` in module `os`
[INFO] [stdout]  --> /opt/rustwide/cargo-home/registry/src/github.com-1ecc6299db9ec823/pkg-config-0.1.7/src/lib.rs:9:31
[INFO] [stdout]   |
[INFO] [stdout] 9 |     os::getenv("HOST") == os::getenv("TARGET") ||
[INFO] [stdout]   |                               ^^^^^^ not found in `os`
[INFO] [stdout]   |
[INFO] [stdout] help: consider importing this function
[INFO] [stdout]   |
[INFO] [stdout] 3 | use os::unix::process::sys::os::getenv;
[INFO] [stdout]   |
[INFO] [stdout] 
[INFO] [stdout] 
[INFO] [stdout] error[E0425]: cannot find function `getenv` in module `os`
[INFO] [stdout]   --> /opt/rustwide/cargo-home/registry/src/github.com-1ecc6299db9ec823/pkg-config-0.1.7/src/lib.rs:10:13
[INFO] [stdout]    |
[INFO] [stdout] 10 |         os::getenv("PKG_CONFIG_ALLOW_CROSS") == Some("1".to_string())
[INFO] [stdout]    |             ^^^^^^ not found in `os`
[INFO] [stdout]    |
[INFO] [stdout] help: consider importing this function
[INFO] [stdout]    |
[INFO] [stdout] 3  | use os::unix::process::sys::os::getenv;
[INFO] [stdout]    |
[INFO] [stdout] 
[INFO] [stdout] 
[INFO] [stdout] error[E0425]: cannot find function `getenv` in module `os`
[INFO] [stdout]   --> /opt/rustwide/cargo-home/registry/src/github.com-1ecc6299db9ec823/pkg-config-0.1.7/src/lib.rs:23:12
[INFO] [stdout]    |
[INFO] [stdout] 23 |     if os::getenv(format!("{}_NO_PKG_CONFIG", envify(name)).as_slice()).is_some() {
[INFO] [stdout]    |            ^^^^^^ not found in `os`
[INFO] [stdout]    |
[INFO] [stdout] help: consider importing this function
[INFO] [stdout]    |
[INFO] [stdout] 3  | use os::unix::process::sys::os::getenv;
[INFO] [stdout]    |
[INFO] [stdout] 
[INFO] [stdout] 
[INFO] [stdout] error[E0433]: failed to resolve: use of undeclared type or module `Path`
[INFO] [stdout]   --> /opt/rustwide/cargo-home/registry/src/github.com-1ecc6299db9ec823/pkg-config-0.1.7/src/lib.rs:65:23
[INFO] [stdout]    |
[INFO] [stdout] 65 |             dirs.push(Path::new(val));
[INFO] [stdout]    |                       ^^^^ not found in this scope
[INFO] [stdout]    |
[INFO] [stdout] help: consider importing this struct
[INFO] [stdout]    |
[INFO] [stdout] 3  | use std::path::Path;
[INFO] [stdout]    |
[INFO] [stdout] 
[INFO] [stdout] 
[INFO] [stdout] error[E0425]: cannot find function `getenv` in module `os`
[INFO] [stdout]   --> /opt/rustwide/cargo-home/registry/src/github.com-1ecc6299db9ec823/pkg-config-0.1.7/src/lib.rs:82:25
[INFO] [stdout]    |
[INFO] [stdout] 82 |     let statik = if os::getenv(format!("{}_STATIC", name).as_slice()).is_some() {
[INFO] [stdout]    |                         ^^^^^^ not found in `os`
[INFO] [stdout]    |
[INFO] [stdout] help: consider importing this function
[INFO] [stdout]    |
[INFO] [stdout] 3  | use os::unix::process::sys::os::getenv;
[INFO] [stdout]    |
[INFO] [stdout] 
[INFO] [stdout] 
[INFO] [stdout] error[E0425]: cannot find function `getenv` in module `os`
[INFO] [stdout]   --> /opt/rustwide/cargo-home/registry/src/github.com-1ecc6299db9ec823/pkg-config-0.1.7/src/lib.rs:84:19
[INFO] [stdout]    |
[INFO] [stdout] 84 |     } else if os::getenv(format!("{}_DYNAMIC", name).as_slice()).is_some() {
[INFO] [stdout]    |                   ^^^^^^ not found in `os`
[INFO] [stdout]    |
[INFO] [stdout] help: consider importing this function
[INFO] [stdout]    |
[INFO] [stdout] 3  | use os::unix::process::sys::os::getenv;
[INFO] [stdout]    |
[INFO] [stdout] 
[INFO] [stdout] 
[INFO] [stdout] error[E0425]: cannot find function `getenv` in module `os`
[INFO] [stdout]   --> /opt/rustwide/cargo-home/registry/src/github.com-1ecc6299db9ec823/pkg-config-0.1.7/src/lib.rs:86:19
[INFO] [stdout]    |
[INFO] [stdout] 86 |     } else if os::getenv("PKG_CONFIG_ALL_STATIC").is_some() {
[INFO] [stdout]    |                   ^^^^^^ not found in `os`
[INFO] [stdout]    |
[INFO] [stdout] help: consider importing this function
[INFO] [stdout]    |
[INFO] [stdout] 3  | use os::unix::process::sys::os::getenv;
[INFO] [stdout]    |
[INFO] [stdout] 
[INFO] [stdout] 
[INFO] [stdout] error[E0425]: cannot find function `getenv` in module `os`
[INFO] [stdout]   --> /opt/rustwide/cargo-home/registry/src/github.com-1ecc6299db9ec823/pkg-config-0.1.7/src/lib.rs:88:19
[INFO] [stdout]    |
[INFO] [stdout] 88 |     } else if os::getenv("PKG_CONFIG_ALL_DYNAMIC").is_some() {
[INFO] [stdout]    |                   ^^^^^^ not found in `os`
[INFO] [stdout]    |
[INFO] [stdout] help: consider importing this function
[INFO] [stdout]    |
[INFO] [stdout] 3  | use os::unix::process::sys::os::getenv;
[INFO] [stdout]    |
[INFO] [stdout] 
[INFO] [stdout] 
[INFO] [stdout] error[E0412]: cannot find type `Path` in this scope
[INFO] [stdout]    --> /opt/rustwide/cargo-home/registry/src/github.com-1ecc6299db9ec823/pkg-config-0.1.7/src/lib.rs:101:38
[INFO] [stdout]     |
[INFO] [stdout] 101 | fn is_system_lib(name: &str, dirs: &[Path]) -> bool {
[INFO] [stdout]     |                                      ^^^^ not found in this scope
[INFO] [stdout]     |
[INFO] [stdout] help: consider importing this struct
[INFO] [stdout]     |
[INFO] [stdout] 3   | use std::path::Path;
[INFO] [stdout]     |
[INFO] [stdout] 
[INFO] [stdout] 
[INFO] [stdout] error[E0433]: failed to resolve: use of undeclared type or module `Path`
[INFO] [stdout]    --> /opt/rustwide/cargo-home/registry/src/github.com-1ecc6299db9ec823/pkg-config-0.1.7/src/lib.rs:103:16
[INFO] [stdout]     |
[INFO] [stdout] 103 |     let root = Path::new("/usr");
[INFO] [stdout]     |                ^^^^ not found in this scope
[INFO] [stdout]     |
[INFO] [stdout] help: consider importing this struct
[INFO] [stdout]     |
[INFO] [stdout] 3   | use std::path::Path;
[INFO] [stdout]     |
[INFO] [stdout] 
[INFO] [stdout] 
[INFO] [stdout] error[E0599]: no method named `result` found for struct `SipHasher` in the current scope
[INFO] [stdout]   --> /opt/rustwide/cargo-home/registry/src/github.com-1ecc6299db9ec823/phf_shared-0.4.9/src/lib.rs:56:21
[INFO] [stdout]    |
[INFO] [stdout] 56 |         split(state.result())
[INFO] [stdout]    |                     ^^^^^^ method not found in `SipHasher`
[INFO] [stdout] 
[INFO] [stdout] 
[INFO] [stdout] error[E0658]: use of unstable library feature 'array_methods'
[INFO] [stdout]   --> /opt/rustwide/cargo-home/registry/src/github.com-1ecc6299db9ec823/phf_shared-0.4.9/src/lib.rs:91:35
[INFO] [stdout]    |
[INFO] [stdout] 91 |                 hasher.write(self.as_slice());
[INFO] [stdout]    |                                   ^^^^^^^^
[INFO] [stdout] ...
[INFO] [stdout] 98 | array_impl!(u8, 1);
[INFO] [stdout]    | ------------------- in this macro invocation
[INFO] [stdout]    |
[INFO] [stdout]    = note: see issue #76118 <https://github.com/rust-lang/rust/issues/76118> for more information
[INFO] [stdout]    = help: add `#![feature(array_methods)]` to the crate attributes to enable
[INFO] [stdout]    = note: this error originates in a macro (in Nightly builds, run with -Z macro-backtrace for more info)
[INFO] [stdout] 
[INFO] [stdout] 
[INFO] [stdout] error[E0658]: use of unstable library feature 'array_methods'
[INFO] [stdout]   --> /opt/rustwide/cargo-home/registry/src/github.com-1ecc6299db9ec823/phf_shared-0.4.9/src/lib.rs:91:35
[INFO] [stdout]    |
[INFO] [stdout] 91 |                 hasher.write(self.as_slice());
[INFO] [stdout]    |                                   ^^^^^^^^
[INFO] [stdout] ...
[INFO] [stdout] 99 | array_impl!(u8, 2);
[INFO] [stdout]    | ------------------- in this macro invocation
[INFO] [stdout]    |
[INFO] [stdout]    = note: see issue #76118 <https://github.com/rust-lang/rust/issues/76118> for more information
[INFO] [stdout]    = help: add `#![feature(array_methods)]` to the crate attributes to enable
[INFO] [stdout]    = note: this error originates in a macro (in Nightly builds, run with -Z macro-backtrace for more info)
[INFO] [stdout] 
[INFO] [stdout] 
[INFO] [stdout] error[E0658]: use of unstable library feature 'array_methods'
[INFO] [stdout]    --> /opt/rustwide/cargo-home/registry/src/github.com-1ecc6299db9ec823/phf_shared-0.4.9/src/lib.rs:91:35
[INFO] [stdout]     |
[INFO] [stdout] 91  |                 hasher.write(self.as_slice());
[INFO] [stdout]     |                                   ^^^^^^^^
[INFO] [stdout] ...
[INFO] [stdout] 100 | array_impl!(u8, 3);
[INFO] [stdout]     | ------------------- in this macro invocation
[INFO] [stdout]     |
[INFO] [stdout]     = note: see issue #76118 <https://github.com/rust-lang/rust/issues/76118> for more information
[INFO] [stdout]     = help: add `#![feature(array_methods)]` to the crate attributes to enable
[INFO] [stdout]     = note: this error originates in a macro (in Nightly builds, run with -Z macro-backtrace for more info)
[INFO] [stdout] 
[INFO] [stdout] 
[INFO] [stdout] error[E0658]: use of unstable library feature 'array_methods'
[INFO] [stdout]    --> /opt/rustwide/cargo-home/registry/src/github.com-1ecc6299db9ec823/phf_shared-0.4.9/src/lib.rs:91:35
[INFO] [stdout]     |
[INFO] [stdout] 91  |                 hasher.write(self.as_slice());
[INFO] [stdout]     |                                   ^^^^^^^^
[INFO] [stdout] ...
[INFO] [stdout] 101 | array_impl!(u8, 4);
[INFO] [stdout]     | ------------------- in this macro invocation
[INFO] [stdout]     |
[INFO] [stdout]     = note: see issue #76118 <https://github.com/rust-lang/rust/issues/76118> for more information
[INFO] [stdout]     = help: add `#![feature(array_methods)]` to the crate attributes to enable
[INFO] [stdout]     = note: this error originates in a macro (in Nightly builds, run with -Z macro-backtrace for more info)
[INFO] [stdout] 
[INFO] [stdout] 
[INFO] [stdout] error[E0658]: use of unstable library feature 'array_methods'
[INFO] [stdout]    --> /opt/rustwide/cargo-home/registry/src/github.com-1ecc6299db9ec823/phf_shared-0.4.9/src/lib.rs:91:35
[INFO] [stdout]     |
[INFO] [stdout] 91  |                 hasher.write(self.as_slice());
[INFO] [stdout]     |                                   ^^^^^^^^
[INFO] [stdout] ...
[INFO] [stdout] 102 | array_impl!(u8, 5);
[INFO] [stdout]     | ------------------- in this macro invocation
[INFO] [stdout]     |
[INFO] [stdout]     = note: see issue #76118 <https://github.com/rust-lang/rust/issues/76118> for more information
[INFO] [stdout]     = help: add `#![feature(array_methods)]` to the crate attributes to enable
[INFO] [stdout]     = note: this error originates in a macro (in Nightly builds, run with -Z macro-backtrace for more info)
[INFO] [stdout] 
[INFO] [stdout] 
[INFO] [stdout] error[E0658]: use of unstable library feature 'array_methods'
[INFO] [stdout]    --> /opt/rustwide/cargo-home/registry/src/github.com-1ecc6299db9ec823/phf_shared-0.4.9/src/lib.rs:91:35
[INFO] [stdout]     |
[INFO] [stdout] 91  |                 hasher.write(self.as_slice());
[INFO] [stdout]     |                                   ^^^^^^^^
[INFO] [stdout] ...
[INFO] [stdout] 103 | array_impl!(u8, 6);
[INFO] [stdout]     | ------------------- in this macro invocation
[INFO] [stdout]     |
[INFO] [stdout]     = note: see issue #76118 <https://github.com/rust-lang/rust/issues/76118> for more information
[INFO] [stdout]     = help: add `#![feature(array_methods)]` to the crate attributes to enable
[INFO] [stdout]     = note: this error originates in a macro (in Nightly builds, run with -Z macro-backtrace for more info)
[INFO] [stdout] 
[INFO] [stdout] 
[INFO] [stdout] error[E0658]: use of unstable library feature 'array_methods'
[INFO] [stdout]    --> /opt/rustwide/cargo-home/registry/src/github.com-1ecc6299db9ec823/phf_shared-0.4.9/src/lib.rs:91:35
[INFO] [stdout]     |
[INFO] [stdout] 91  |                 hasher.write(self.as_slice());
[INFO] [stdout]     |                                   ^^^^^^^^
[INFO] [stdout] ...
[INFO] [stdout] 104 | array_impl!(u8, 7);
[INFO] [stdout]     | ------------------- in this macro invocation
[INFO] [stdout]     |
[INFO] [stdout]     = note: see issue #76118 <https://github.com/rust-lang/rust/issues/76118> for more information
[INFO] [stdout]     = help: add `#![feature(array_methods)]` to the crate attributes to enable
[INFO] [stdout]     = note: this error originates in a macro (in Nightly builds, run with -Z macro-backtrace for more info)
[INFO] [stdout] 
[INFO] [stdout] 
[INFO] [stdout] error[E0658]: use of unstable library feature 'array_methods'
[INFO] [stdout]    --> /opt/rustwide/cargo-home/registry/src/github.com-1ecc6299db9ec823/phf_shared-0.4.9/src/lib.rs:91:35
[INFO] [stdout]     |
[INFO] [stdout] 91  |                 hasher.write(self.as_slice());
[INFO] [stdout]     |                                   ^^^^^^^^
[INFO] [stdout] ...
[INFO] [stdout] 105 | array_impl!(u8, 8);
[INFO] [stdout]     | ------------------- in this macro invocation
[INFO] [stdout]     |
[INFO] [stdout]     = note: see issue #76118 <https://github.com/rust-lang/rust/issues/76118> for more information
[INFO] [stdout]     = help: add `#![feature(array_methods)]` to the crate attributes to enable
[INFO] [stdout]     = note: this error originates in a macro (in Nightly builds, run with -Z macro-backtrace for more info)
[INFO] [stdout] 
[INFO] [stdout] 
[INFO] [stdout] error[E0658]: use of unstable library feature 'array_methods'
[INFO] [stdout]    --> /opt/rustwide/cargo-home/registry/src/github.com-1ecc6299db9ec823/phf_shared-0.4.9/src/lib.rs:91:35
[INFO] [stdout]     |
[INFO] [stdout] 91  |                 hasher.write(self.as_slice());
[INFO] [stdout]     |                                   ^^^^^^^^
[INFO] [stdout] ...
[INFO] [stdout] 106 | array_impl!(u8, 9);
[INFO] [stdout]     | ------------------- in this macro invocation
[INFO] [stdout]     |
[INFO] [stdout]     = note: see issue #76118 <https://github.com/rust-lang/rust/issues/76118> for more information
[INFO] [stdout]     = help: add `#![feature(array_methods)]` to the crate attributes to enable
[INFO] [stdout]     = note: this error originates in a macro (in Nightly builds, run with -Z macro-backtrace for more info)
[INFO] [stdout] 
[INFO] [stdout] 
[INFO] [stdout] error[E0658]: use of unstable library feature 'array_methods'
[INFO] [stdout]    --> /opt/rustwide/cargo-home/registry/src/github.com-1ecc6299db9ec823/phf_shared-0.4.9/src/lib.rs:91:35
[INFO] [stdout]     |
[INFO] [stdout] 91  |                 hasher.write(self.as_slice());
[INFO] [stdout]     |                                   ^^^^^^^^
[INFO] [stdout] ...
[INFO] [stdout] 107 | array_impl!(u8, 10);
[INFO] [stdout]     | -------------------- in this macro invocation
[INFO] [stdout]     |
[INFO] [stdout]     = note: see issue #76118 <https://github.com/rust-lang/rust/issues/76118> for more information
[INFO] [stdout]     = help: add `#![feature(array_methods)]` to the crate attributes to enable
[INFO] [stdout]     = note: this error originates in a macro (in Nightly builds, run with -Z macro-backtrace for more info)
[INFO] [stdout] 
[INFO] [stdout] 
[INFO] [stdout] error[E0658]: use of unstable library feature 'array_methods'
[INFO] [stdout]    --> /opt/rustwide/cargo-home/registry/src/github.com-1ecc6299db9ec823/phf_shared-0.4.9/src/lib.rs:91:35
[INFO] [stdout]     |
[INFO] [stdout] 91  |                 hasher.write(self.as_slice());
[INFO] [stdout]     |                                   ^^^^^^^^
[INFO] [stdout] ...
[INFO] [stdout] 108 | array_impl!(u8, 11);
[INFO] [stdout]     | -------------------- in this macro invocation
[INFO] [stdout]     |
[INFO] [stdout]     = note: see issue #76118 <https://github.com/rust-lang/rust/issues/76118> for more information
[INFO] [stdout]     = help: add `#![feature(array_methods)]` to the crate attributes to enable
[INFO] [stdout]     = note: this error originates in a macro (in Nightly builds, run with -Z macro-backtrace for more info)
[INFO] [stdout] 
[INFO] [stdout] 
[INFO] [stdout] error[E0658]: use of unstable library feature 'array_methods'
[INFO] [stdout]    --> /opt/rustwide/cargo-home/registry/src/github.com-1ecc6299db9ec823/phf_shared-0.4.9/src/lib.rs:91:35
[INFO] [stdout]     |
[INFO] [stdout] 91  |                 hasher.write(self.as_slice());
[INFO] [stdout]     |                                   ^^^^^^^^
[INFO] [stdout] ...
[INFO] [stdout] 109 | array_impl!(u8, 12);
[INFO] [stdout]     | -------------------- in this macro invocation
[INFO] [stdout]     |
[INFO] [stdout]     = note: see issue #76118 <https://github.com/rust-lang/rust/issues/76118> for more information
[INFO] [stdout]     = help: add `#![feature(array_methods)]` to the crate attributes to enable
[INFO] [stdout]     = note: this error originates in a macro (in Nightly builds, run with -Z macro-backtrace for more info)
[INFO] [stdout] 
[INFO] [stdout] 
[INFO] [stdout] error[E0658]: use of unstable library feature 'array_methods'
[INFO] [stdout]    --> /opt/rustwide/cargo-home/registry/src/github.com-1ecc6299db9ec823/phf_shared-0.4.9/src/lib.rs:91:35
[INFO] [stdout]     |
[INFO] [stdout] 91  |                 hasher.write(self.as_slice());
[INFO] [stdout]     |                                   ^^^^^^^^
[INFO] [stdout] ...
[INFO] [stdout] 110 | array_impl!(u8, 13);
[INFO] [stdout]     | -------------------- in this macro invocation
[INFO] [stdout]     |
[INFO] [stdout]     = note: see issue #76118 <https://github.com/rust-lang/rust/issues/76118> for more information
[INFO] [stdout]     = help: add `#![feature(array_methods)]` to the crate attributes to enable
[INFO] [stdout]     = note: this error originates in a macro (in Nightly builds, run with -Z macro-backtrace for more info)
[INFO] [stdout] 
[INFO] [stdout] 
[INFO] [stdout] error[E0658]: use of unstable library feature 'array_methods'
[INFO] [stdout]    --> /opt/rustwide/cargo-home/registry/src/github.com-1ecc6299db9ec823/phf_shared-0.4.9/src/lib.rs:91:35
[INFO] [stdout]     |
[INFO] [stdout] 91  |                 hasher.write(self.as_slice());
[INFO] [stdout]     |                                   ^^^^^^^^
[INFO] [stdout] ...
[INFO] [stdout] 111 | array_impl!(u8, 14);
[INFO] [stdout]     | -------------------- in this macro invocation
[INFO] [stdout]     |
[INFO] [stdout]     = note: see issue #76118 <https://github.com/rust-lang/rust/issues/76118> for more information
[INFO] [stdout]     = help: add `#![feature(array_methods)]` to the crate attributes to enable
[INFO] [stdout]     = note: this error originates in a macro (in Nightly builds, run with -Z macro-backtrace for more info)
[INFO] [stdout] 
[INFO] [stdout] 
[INFO] [stdout] error[E0658]: use of unstable library feature 'array_methods'
[INFO] [stdout]    --> /opt/rustwide/cargo-home/registry/src/github.com-1ecc6299db9ec823/phf_shared-0.4.9/src/lib.rs:91:35
[INFO] [stdout]     |
[INFO] [stdout] 91  |                 hasher.write(self.as_slice());
[INFO] [stdout]     |                                   ^^^^^^^^
[INFO] [stdout] ...
[INFO] [stdout] 112 | array_impl!(u8, 15);
[INFO] [stdout]     | -------------------- in this macro invocation
[INFO] [stdout]     |
[INFO] [stdout]     = note: see issue #76118 <https://github.com/rust-lang/rust/issues/76118> for more information
[INFO] [stdout]     = help: add `#![feature(array_methods)]` to the crate attributes to enable
[INFO] [stdout]     = note: this error originates in a macro (in Nightly builds, run with -Z macro-backtrace for more info)
[INFO] [stdout] 
[INFO] [stdout] 
[INFO] [stdout] error[E0658]: use of unstable library feature 'array_methods'
[INFO] [stdout]    --> /opt/rustwide/cargo-home/registry/src/github.com-1ecc6299db9ec823/phf_shared-0.4.9/src/lib.rs:91:35
[INFO] [stdout]     |
[INFO] [stdout] 91  |                 hasher.write(self.as_slice());
[INFO] [stdout]     |                                   ^^^^^^^^
[INFO] [stdout] ...
[INFO] [stdout] 113 | array_impl!(u8, 16);
[INFO] [stdout]     | -------------------- in this macro invocation
[INFO] [stdout]     |
[INFO] [stdout]     = note: see issue #76118 <https://github.com/rust-lang/rust/issues/76118> for more information
[INFO] [stdout]     = help: add `#![feature(array_methods)]` to the crate attributes to enable
[INFO] [stdout]     = note: this error originates in a macro (in Nightly builds, run with -Z macro-backtrace for more info)
[INFO] [stdout] 
[INFO] [stdout] 
[INFO] [stdout] error[E0658]: use of unstable library feature 'array_methods'
[INFO] [stdout]    --> /opt/rustwide/cargo-home/registry/src/github.com-1ecc6299db9ec823/phf_shared-0.4.9/src/lib.rs:91:35
[INFO] [stdout]     |
[INFO] [stdout] 91  |                 hasher.write(self.as_slice());
[INFO] [stdout]     |                                   ^^^^^^^^
[INFO] [stdout] ...
[INFO] [stdout] 114 | array_impl!(u8, 17);
[INFO] [stdout]     | -------------------- in this macro invocation
[INFO] [stdout]     |
[INFO] [stdout]     = note: see issue #76118 <https://github.com/rust-lang/rust/issues/76118> for more information
[INFO] [stdout]     = help: add `#![feature(array_methods)]` to the crate attributes to enable
[INFO] [stdout]     = note: this error originates in a macro (in Nightly builds, run with -Z macro-backtrace for more info)
[INFO] [stdout] 
[INFO] [stdout] 
[INFO] [stdout] error[E0658]: use of unstable library feature 'array_methods'
[INFO] [stdout]    --> /opt/rustwide/cargo-home/registry/src/github.com-1ecc6299db9ec823/phf_shared-0.4.9/src/lib.rs:91:35
[INFO] [stdout]     |
[INFO] [stdout] 91  |                 hasher.write(self.as_slice());
[INFO] [stdout]     |                                   ^^^^^^^^
[INFO] [stdout] ...
[INFO] [stdout] 115 | array_impl!(u8, 18);
[INFO] [stdout]     | -------------------- in this macro invocation
[INFO] [stdout]     |
[INFO] [stdout]     = note: see issue #76118 <https://github.com/rust-lang/rust/issues/76118> for more information
[INFO] [stdout]     = help: add `#![feature(array_methods)]` to the crate attributes to enable
[INFO] [stdout]     = note: this error originates in a macro (in Nightly builds, run with -Z macro-backtrace for more info)
[INFO] [stdout] 
[INFO] [stdout] 
[INFO] [stdout] error[E0658]: use of unstable library feature 'array_methods'
[INFO] [stdout]    --> /opt/rustwide/cargo-home/registry/src/github.com-1ecc6299db9ec823/phf_shared-0.4.9/src/lib.rs:91:35
[INFO] [stdout]     |
[INFO] [stdout] 91  |                 hasher.write(self.as_slice());
[INFO] [stdout]     |                                   ^^^^^^^^
[INFO] [stdout] ...
[INFO] [stdout] 116 | array_impl!(u8, 19);
[INFO] [stdout]     | -------------------- in this macro invocation
[INFO] [stdout]     |
[INFO] [stdout]     = note: see issue #76118 <https://github.com/rust-lang/rust/issues/76118> for more information
[INFO] [stdout]     = help: add `#![feature(array_methods)]` to the crate attributes to enable
[INFO] [stdout]     = note: this error originates in a macro (in Nightly builds, run with -Z macro-backtrace for more info)
[INFO] [stdout] 
[INFO] [stdout] 
[INFO] [stdout] error[E0658]: use of unstable library feature 'array_methods'
[INFO] [stdout]    --> /opt/rustwide/cargo-home/registry/src/github.com-1ecc6299db9ec823/phf_shared-0.4.9/src/lib.rs:91:35
[INFO] [stdout]     |
[INFO] [stdout] 91  |                 hasher.write(self.as_slice());
[INFO] [stdout]     |                                   ^^^^^^^^
[INFO] [stdout] ...
[INFO] [stdout] 117 | array_impl!(u8, 20);
[INFO] [stdout]     | -------------------- in this macro invocation
[INFO] [stdout]     |
[INFO] [stdout]     = note: see issue #76118 <https://github.com/rust-lang/rust/issues/76118> for more information
[INFO] [stdout]     = help: add `#![feature(array_methods)]` to the crate attributes to enable
[INFO] [stdout]     = note: this error originates in a macro (in Nightly builds, run with -Z macro-backtrace for more info)
[INFO] [stdout] 
[INFO] [stdout] 
[INFO] [stdout] error[E0658]: use of unstable library feature 'array_methods'
[INFO] [stdout]    --> /opt/rustwide/cargo-home/registry/src/github.com-1ecc6299db9ec823/phf_shared-0.4.9/src/lib.rs:91:35
[INFO] [stdout]     |
[INFO] [stdout] 91  |                 hasher.write(self.as_slice());
[INFO] [stdout]     |                                   ^^^^^^^^
[INFO] [stdout] ...
[INFO] [stdout] 118 | array_impl!(u8, 21);
[INFO] [stdout]     | -------------------- in this macro invocation
[INFO] [stdout]     |
[INFO] [stdout]     = note: see issue #76118 <https://github.com/rust-lang/rust/issues/76118> for more information
[INFO] [stdout]     = help: add `#![feature(array_methods)]` to the crate attributes to enable
[INFO] [stdout]     = note: this error originates in a macro (in Nightly builds, run with -Z macro-backtrace for more info)
[INFO] [stdout] 
[INFO] [stdout] 
[INFO] [stdout] error[E0658]: use of unstable library feature 'array_methods'
[INFO] [stdout]    --> /opt/rustwide/cargo-home/registry/src/github.com-1ecc6299db9ec823/phf_shared-0.4.9/src/lib.rs:91:35
[INFO] [stdout]     |
[INFO] [stdout] 91  |                 hasher.write(self.as_slice());
[INFO] [stdout]     |                                   ^^^^^^^^
[INFO] [stdout] ...
[INFO] [stdout] 119 | array_impl!(u8, 22);
[INFO] [stdout]     | -------------------- in this macro invocation
[INFO] [stdout]     |
[INFO] [stdout]     = note: see issue #76118 <https://github.com/rust-lang/rust/issues/76118> for more information
[INFO] [stdout]     = help: add `#![feature(array_methods)]` to the crate attributes to enable
[INFO] [stdout]     = note: this error originates in a macro (in Nightly builds, run with -Z macro-backtrace for more info)
[INFO] [stdout] 
[INFO] [stdout] 
[INFO] [stdout] error[E0658]: use of unstable library feature 'array_methods'
[INFO] [stdout]    --> /opt/rustwide/cargo-home/registry/src/github.com-1ecc6299db9ec823/phf_shared-0.4.9/src/lib.rs:91:35
[INFO] [stdout]     |
[INFO] [stdout] 91  |                 hasher.write(self.as_slice());
[INFO] [stdout]     |                                   ^^^^^^^^
[INFO] [stdout] ...
[INFO] [stdout] 120 | array_impl!(u8, 23);
[INFO] [stdout]     | -------------------- in this macro invocation
[INFO] [stdout]     |
[INFO] [stdout]     = note: see issue #76118 <https://github.com/rust-lang/rust/issues/76118> for more information
[INFO] [stdout]     = help: add `#![feature(array_methods)]` to the crate attributes to enable
[INFO] [stdout]     = note: this error originates in a macro (in Nightly builds, run with -Z macro-backtrace for more info)
[INFO] [stdout] 
[INFO] [stdout] 
[INFO] [stdout] error[E0658]: use of unstable library feature 'array_methods'
[INFO] [stdout]    --> /opt/rustwide/cargo-home/registry/src/github.com-1ecc6299db9ec823/phf_shared-0.4.9/src/lib.rs:91:35
[INFO] [stdout]     |
[INFO] [stdout] 91  |                 hasher.write(self.as_slice());
[INFO] [stdout]     |                                   ^^^^^^^^
[INFO] [stdout] ...
[INFO] [stdout] 121 | array_impl!(u8, 24);
[INFO] [stdout]     | -------------------- in this macro invocation
[INFO] [stdout]     |
[INFO] [stdout]     = note: see issue #76118 <https://github.com/rust-lang/rust/issues/76118> for more information
[INFO] [stdout]     = help: add `#![feature(array_methods)]` to the crate attributes to enable
[INFO] [stdout]     = note: this error originates in a macro (in Nightly builds, run with -Z macro-backtrace for more info)
[INFO] [stdout] 
[INFO] [stdout] 
[INFO] [stdout] error[E0658]: use of unstable library feature 'array_methods'
[INFO] [stdout]    --> /opt/rustwide/cargo-home/registry/src/github.com-1ecc6299db9ec823/phf_shared-0.4.9/src/lib.rs:91:35
[INFO] [stdout]     |
[INFO] [stdout] 91  |                 hasher.write(self.as_slice());
[INFO] [stdout]     |                                   ^^^^^^^^
[INFO] [stdout] ...
[INFO] [stdout] 122 | array_impl!(u8, 25);
[INFO] [stdout]     | -------------------- in this macro invocation
[INFO] [stdout]     |
[INFO] [stdout]     = note: see issue #76118 <https://github.com/rust-lang/rust/issues/76118> for more information
[INFO] [stdout]     = help: add `#![feature(array_methods)]` to the crate attributes to enable
[INFO] [stdout]     = note: this error originates in a macro (in Nightly builds, run with -Z macro-backtrace for more info)
[INFO] [stdout] 
[INFO] [stdout] 
[INFO] [stdout] error[E0658]: use of unstable library feature 'array_methods'
[INFO] [stdout]    --> /opt/rustwide/cargo-home/registry/src/github.com-1ecc6299db9ec823/phf_shared-0.4.9/src/lib.rs:91:35
[INFO] [stdout]     |
[INFO] [stdout] 91  |                 hasher.write(self.as_slice());
[INFO] [stdout]     |                                   ^^^^^^^^
[INFO] [stdout] ...
[INFO] [stdout] 123 | array_impl!(u8, 26);
[INFO] [stdout]     | -------------------- in this macro invocation
[INFO] [stdout]     |
[INFO] [stdout]     = note: see issue #76118 <https://github.com/rust-lang/rust/issues/76118> for more information
[INFO] [stdout]     = help: add `#![feature(array_methods)]` to the crate attributes to enable
[INFO] [stdout]     = note: this error originates in a macro (in Nightly builds, run with -Z macro-backtrace for more info)
[INFO] [stdout] 
[INFO] [stdout] 
[INFO] [stdout] error[E0658]: use of unstable library feature 'array_methods'
[INFO] [stdout]    --> /opt/rustwide/cargo-home/registry/src/github.com-1ecc6299db9ec823/phf_shared-0.4.9/src/lib.rs:91:35
[INFO] [stdout]     |
[INFO] [stdout] 91  |                 hasher.write(self.as_slice());
[INFO] [stdout]     |                                   ^^^^^^^^
[INFO] [stdout] ...
[INFO] [stdout] 124 | array_impl!(u8, 27);
[INFO] [stdout]     | -------------------- in this macro invocation
[INFO] [stdout]     |
[INFO] [stdout]     = note: see issue #76118 <https://github.com/rust-lang/rust/issues/76118> for more information
[INFO] [stdout]     = help: add `#![feature(array_methods)]` to the crate attributes to enable
[INFO] [stdout]     = note: this error originates in a macro (in Nightly builds, run with -Z macro-backtrace for more info)
[INFO] [stdout] 
[INFO] [stdout] 
[INFO] [stdout] error[E0658]: use of unstable library feature 'array_methods'
[INFO] [stdout]    --> /opt/rustwide/cargo-home/registry/src/github.com-1ecc6299db9ec823/phf_shared-0.4.9/src/lib.rs:91:35
[INFO] [stdout]     |
[INFO] [stdout] 91  |                 hasher.write(self.as_slice());
[INFO] [stdout]     |                                   ^^^^^^^^
[INFO] [stdout] ...
[INFO] [stdout] 125 | array_impl!(u8, 28);
[INFO] [stdout]     | -------------------- in this macro invocation
[INFO] [stdout]     |
[INFO] [stdout]     = note: see issue #76118 <https://github.com/rust-lang/rust/issues/76118> for more information
[INFO] [stdout]     = help: add `#![feature(array_methods)]` to the crate attributes to enable
[INFO] [stdout]     = note: this error originates in a macro (in Nightly builds, run with -Z macro-backtrace for more info)
[INFO] [stdout] 
[INFO] [stdout] 
[INFO] [stdout] error[E0658]: use of unstable library feature 'array_methods'
[INFO] [stdout]    --> /opt/rustwide/cargo-home/registry/src/github.com-1ecc6299db9ec823/phf_shared-0.4.9/src/lib.rs:91:35
[INFO] [stdout]     |
[INFO] [stdout] 91  |                 hasher.write(self.as_slice());
[INFO] [stdout]     |                                   ^^^^^^^^
[INFO] [stdout] ...
[INFO] [stdout] 126 | array_impl!(u8, 29);
[INFO] [stdout]     | -------------------- in this macro invocation
[INFO] [stdout]     |
[INFO] [stdout]     = note: see issue #76118 <https://github.com/rust-lang/rust/issues/76118> for more information
[INFO] [stdout]     = help: add `#![feature(array_methods)]` to the crate attributes to enable
[INFO] [stdout]     = note: this error originates in a macro (in Nightly builds, run with -Z macro-backtrace for more info)
[INFO] [stdout] 
[INFO] [stdout] 
[INFO] [stdout] error[E0658]: use of unstable library feature 'array_methods'
[INFO] [stdout]    --> /opt/rustwide/cargo-home/registry/src/github.com-1ecc6299db9ec823/phf_shared-0.4.9/src/lib.rs:91:35
[INFO] [stdout]     |
[INFO] [stdout] 91  |                 hasher.write(self.as_slice());
[INFO] [stdout]     |                                   ^^^^^^^^
[INFO] [stdout] ...
[INFO] [stdout] 127 | array_impl!(u8, 30);
[INFO] [stdout]     | -------------------- in this macro invocation
[INFO] [stdout]     |
[INFO] [stdout]     = note: see issue #76118 <https://github.com/rust-lang/rust/issues/76118> for more information
[INFO] [stdout]     = help: add `#![feature(array_methods)]` to the crate attributes to enable
[INFO] [stdout]     = note: this error originates in a macro (in Nightly builds, run with -Z macro-backtrace for more info)
[INFO] [stdout] 
[INFO] [stdout] 
[INFO] [stdout] error[E0658]: use of unstable library feature 'array_methods'
[INFO] [stdout]    --> /opt/rustwide/cargo-home/registry/src/github.com-1ecc6299db9ec823/phf_shared-0.4.9/src/lib.rs:91:35
[INFO] [stdout]     |
[INFO] [stdout] 91  |                 hasher.write(self.as_slice());
[INFO] [stdout]     |                                   ^^^^^^^^
[INFO] [stdout] ...
[INFO] [stdout] 128 | array_impl!(u8, 31);
[INFO] [stdout]     | -------------------- in this macro invocation
[INFO] [stdout]     |
[INFO] [stdout]     = note: see issue #76118 <https://github.com/rust-lang/rust/issues/76118> for more information
[INFO] [stdout]     = help: add `#![feature(array_methods)]` to the crate attributes to enable
[INFO] [stdout]     = note: this error originates in a macro (in Nightly builds, run with -Z macro-backtrace for more info)
[INFO] [stdout] 
[INFO] [stdout] 
[INFO] [stdout] error[E0658]: use of unstable library feature 'array_methods'
[INFO] [stdout]    --> /opt/rustwide/cargo-home/registry/src/github.com-1ecc6299db9ec823/phf_shared-0.4.9/src/lib.rs:91:35
[INFO] [stdout]     |
[INFO] [stdout] 91  |                 hasher.write(self.as_slice());
[INFO] [stdout]     |                                   ^^^^^^^^
[INFO] [stdout] ...
[INFO] [stdout] 129 | array_impl!(u8, 32);
[INFO] [stdout]     | -------------------- in this macro invocation
[INFO] [stdout]     |
[INFO] [stdout]     = note: see issue #76118 <https://github.com/rust-lang/rust/issues/76118> for more information
[INFO] [stdout]     = help: add `#![feature(array_methods)]` to the crate attributes to enable
[INFO] [stdout]     = note: this error originates in a macro (in Nightly builds, run with -Z macro-backtrace for more info)
[INFO] [stdout] 
[INFO] [stdout] 
[INFO] [stdout] error: aborting due to 37 previous errors
[INFO] [stdout] 
[INFO] [stdout] 
[INFO] [stdout] error[E0599]: no method named `result` found for struct `SipHasher` in the current scope
[INFO] [stdout]   --> /opt/rustwide/cargo-home/registry/src/github.com-1ecc6299db9ec823/phf_shared-0.4.9/src/lib.rs:56:21
[INFO] [stdout]    |
[INFO] [stdout] 56 |         split(state.result())
[INFO] [stdout]    |                     ^^^^^^ method not found in `SipHasher`
[INFO] [stdout] 
[INFO] [stdout] 
[INFO] [stdout] Some errors have detailed explanations: E0259, E0432, E0599, E0658.
[INFO] [stdout] 
[INFO] [stdout] For more information about an error, try `rustc --explain E0259`.
[INFO] [stdout] 
[INFO] [stdout] error[E0658]: use of unstable library feature 'array_methods'
[INFO] [stdout]   --> /opt/rustwide/cargo-home/registry/src/github.com-1ecc6299db9ec823/phf_shared-0.4.9/src/lib.rs:91:35
[INFO] [stdout]    |
[INFO] [stdout] 91 |                 hasher.write(self.as_slice());
[INFO] [stdout]    |                                   ^^^^^^^^
[INFO] [stdout] ...
[INFO] [stdout] 98 | array_impl!(u8, 1);
[INFO] [stdout]    | ------------------- in this macro invocation
[INFO] [stdout]    |
[INFO] [stdout]    = note: see issue #76118 <https://github.com/rust-lang/rust/issues/76118> for more information
[INFO] [stdout]    = help: add `#![feature(array_methods)]` to the crate attributes to enable
[INFO] [stdout]    = note: this error originates in a macro (in Nightly builds, run with -Z macro-backtrace for more info)
[INFO] [stdout] 
[INFO] [stdout] 
[INFO] [stdout] error[E0658]: use of unstable library feature 'array_methods'
[INFO] [stdout]   --> /opt/rustwide/cargo-home/registry/src/github.com-1ecc6299db9ec823/phf_shared-0.4.9/src/lib.rs:91:35
[INFO] [stdout]    |
[INFO] [stdout] 91 |                 hasher.write(self.as_slice());
[INFO] [stdout]    |                                   ^^^^^^^^
[INFO] [stdout] ...
[INFO] [stdout] 99 | array_impl!(u8, 2);
[INFO] [stdout]    | ------------------- in this macro invocation
[INFO] [stdout]    |
[INFO] [stdout]    = note: see issue #76118 <https://github.com/rust-lang/rust/issues/76118> for more information
[INFO] [stdout]    = help: add `#![feature(array_methods)]` to the crate attributes to enable
[INFO] [stdout]    = note: this error originates in a macro (in Nightly builds, run with -Z macro-backtrace for more info)
[INFO] [stdout] 
[INFO] [stdout] 
[INFO] [stdout] error[E0658]: use of unstable library feature 'array_methods'
[INFO] [stdout]    --> /opt/rustwide/cargo-home/registry/src/github.com-1ecc6299db9ec823/phf_shared-0.4.9/src/lib.rs:91:35
[INFO] [stdout]     |
[INFO] [stdout] 91  |                 hasher.write(self.as_slice());
[INFO] [stdout]     |                                   ^^^^^^^^
[INFO] [stdout] ...
[INFO] [stdout] 100 | array_impl!(u8, 3);
[INFO] [stdout]     | ------------------- in this macro invocation
[INFO] [stdout]     |
[INFO] [stdout]     = note: see issue #76118 <https://github.com/rust-lang/rust/issues/76118> for more information
[INFO] [stdout]     = help: add `#![feature(array_methods)]` to the crate attributes to enable
[INFO] [stdout]     = note: this error originates in a macro (in Nightly builds, run with -Z macro-backtrace for more info)
[INFO] [stdout] 
[INFO] [stdout] 
[INFO] [stdout] error[E0658]: use of unstable library feature 'array_methods'
[INFO] [stdout]    --> /opt/rustwide/cargo-home/registry/src/github.com-1ecc6299db9ec823/phf_shared-0.4.9/src/lib.rs:91:35
[INFO] [stdout]     |
[INFO] [stdout] 91  |                 hasher.write(self.as_slice());
[INFO] [stdout]     |                                   ^^^^^^^^
[INFO] [stdout] ...
[INFO] [stdout] 101 | array_impl!(u8, 4);
[INFO] [stdout]     | ------------------- in this macro invocation
[INFO] [stdout]     |
[INFO] [stdout]     = note: see issue #76118 <https://github.com/rust-lang/rust/issues/76118> for more information
[INFO] [stdout]     = help: add `#![feature(array_methods)]` to the crate attributes to enable
[INFO] [stdout]     = note: this error originates in a macro (in Nightly builds, run with -Z macro-backtrace for more info)
[INFO] [stdout] 
[INFO] [stdout] 
[INFO] [stdout] error[E0658]: use of unstable library feature 'array_methods'
[INFO] [stdout]    --> /opt/rustwide/cargo-home/registry/src/github.com-1ecc6299db9ec823/phf_shared-0.4.9/src/lib.rs:91:35
[INFO] [stdout]     |
[INFO] [stdout] 91  |                 hasher.write(self.as_slice());
[INFO] [stdout]     |                                   ^^^^^^^^
[INFO] [stdout] ...
[INFO] [stdout] 102 | array_impl!(u8, 5);
[INFO] [stdout]     | ------------------- in this macro invocation
[INFO] [stdout]     |
[INFO] [stdout]     = note: see issue #76118 <https://github.com/rust-lang/rust/issues/76118> for more information
[INFO] [stdout]     = help: add `#![feature(array_methods)]` to the crate attributes to enable
[INFO] [stdout]     = note: this error originates in a macro (in Nightly builds, run with -Z macro-backtrace for more info)
[INFO] [stdout] 
[INFO] [stdout] 
[INFO] [stdout] error[E0658]: use of unstable library feature 'array_methods'
[INFO] [stdout]    --> /opt/rustwide/cargo-home/registry/src/github.com-1ecc6299db9ec823/phf_shared-0.4.9/src/lib.rs:91:35
[INFO] [stdout]     |
[INFO] [stdout] 91  |                 hasher.write(self.as_slice());
[INFO] [stdout]     |                                   ^^^^^^^^
[INFO] [stdout] ...
[INFO] [stdout] 103 | array_impl!(u8, 6);
[INFO] [stdout]     | ------------------- in this macro invocation
[INFO] [stdout]     |
[INFO] [stdout]     = note: see issue #76118 <https://github.com/rust-lang/rust/issues/76118> for more information
[INFO] [stdout]     = help: add `#![feature(array_methods)]` to the crate attributes to enable
[INFO] [stdout]     = note: this error originates in a macro (in Nightly builds, run with -Z macro-backtrace for more info)
[INFO] [stdout] 
[INFO] [stdout] 
[INFO] [stdout] error[E0658]: use of unstable library feature 'array_methods'
[INFO] [stdout]    --> /opt/rustwide/cargo-home/registry/src/github.com-1ecc6299db9ec823/phf_shared-0.4.9/src/lib.rs:91:35
[INFO] [stdout]     |
[INFO] [stdout] 91  |                 hasher.write(self.as_slice());
[INFO] [stdout]     |                                   ^^^^^^^^
[INFO] [stdout] ...
[INFO] [stdout] 104 | array_impl!(u8, 7);
[INFO] [stdout]     | ------------------- in this macro invocation
[INFO] [stdout]     |
[INFO] [stdout]     = note: see issue #76118 <https://github.com/rust-lang/rust/issues/76118> for more information
[INFO] [stdout]     = help: add `#![feature(array_methods)]` to the crate attributes to enable
[INFO] [stdout]     = note: this error originates in a macro (in Nightly builds, run with -Z macro-backtrace for more info)
[INFO] [stdout] 
[INFO] [stdout] 
[INFO] [stdout] error[E0658]: use of unstable library feature 'array_methods'
[INFO] [stdout]    --> /opt/rustwide/cargo-home/registry/src/github.com-1ecc6299db9ec823/phf_shared-0.4.9/src/lib.rs:91:35
[INFO] [stdout]     |
[INFO] [stdout] 91  |                 hasher.write(self.as_slice());
[INFO] [stdout]     |                                   ^^^^^^^^
[INFO] [stdout] ...
[INFO] [stdout] 105 | array_impl!(u8, 8);
[INFO] [stdout]     | ------------------- in this macro invocation
[INFO] [stdout]     |
[INFO] [stdout]     = note: see issue #76118 <https://github.com/rust-lang/rust/issues/76118> for more information
[INFO] [stdout]     = help: add `#![feature(array_methods)]` to the crate attributes to enable
[INFO] [stdout]     = note: this error originates in a macro (in Nightly builds, run with -Z macro-backtrace for more info)
[INFO] [stdout] 
[INFO] [stdout] 
[INFO] [stdout] error[E0658]: use of unstable library feature 'array_methods'
[INFO] [stdout]    --> /opt/rustwide/cargo-home/registry/src/github.com-1ecc6299db9ec823/phf_shared-0.4.9/src/lib.rs:91:35
[INFO] [stdout]     |
[INFO] [stdout] 91  |                 hasher.write(self.as_slice());
[INFO] [stdout]     |                                   ^^^^^^^^
[INFO] [stdout] ...
[INFO] [stdout] 106 | array_impl!(u8, 9);
[INFO] [stdout]     | ------------------- in this macro invocation
[INFO] [stdout]     |
[INFO] [stdout]     = note: see issue #76118 <https://github.com/rust-lang/rust/issues/76118> for more information
[INFO] [stdout]     = help: add `#![feature(array_methods)]` to the crate attributes to enable
[INFO] [stdout]     = note: this error originates in a macro (in Nightly builds, run with -Z macro-backtrace for more info)
[INFO] [stdout] 
[INFO] [stdout] 
[INFO] [stdout] error[E0658]: use of unstable library feature 'array_methods'
[INFO] [stdout]    --> /opt/rustwide/cargo-home/registry/src/github.com-1ecc6299db9ec823/phf_shared-0.4.9/src/lib.rs:91:35
[INFO] [stdout]     |
[INFO] [stdout] 91  |                 hasher.write(self.as_slice());
[INFO] [stdout]     |                                   ^^^^^^^^
[INFO] [stdout] ...
[INFO] [stdout] 107 | array_impl!(u8, 10);
[INFO] [stdout]     | -------------------- in this macro invocation
[INFO] [stdout]     |
[INFO] [stdout]     = note: see issue #76118 <https://github.com/rust-lang/rust/issues/76118> for more information
[INFO] [stdout]     = help: add `#![feature(array_methods)]` to the crate attributes to enable
[INFO] [stdout]     = note: this error originates in a macro (in Nightly builds, run with -Z macro-backtrace for more info)
[INFO] [stdout] 
[INFO] [stdout] 
[INFO] [stdout] error[E0658]: use of unstable library feature 'array_methods'
[INFO] [stdout]    --> /opt/rustwide/cargo-home/registry/src/github.com-1ecc6299db9ec823/phf_shared-0.4.9/src/lib.rs:91:35
[INFO] [stdout]     |
[INFO] [stdout] 91  |                 hasher.write(self.as_slice());
[INFO] [stdout]     |                                   ^^^^^^^^
[INFO] [stdout] ...
[INFO] [stdout] 108 | array_impl!(u8, 11);
[INFO] [stdout]     | -------------------- in this macro invocation
[INFO] [stdout]     |
[INFO] [stdout]     = note: see issue #76118 <https://github.com/rust-lang/rust/issues/76118> for more information
[INFO] [stdout]     = help: add `#![feature(array_methods)]` to the crate attributes to enable
[INFO] [stdout]     = note: this error originates in a macro (in Nightly builds, run with -Z macro-backtrace for more info)
[INFO] [stdout] 
[INFO] [stdout] 
[INFO] [stdout] error[E0658]: use of unstable library feature 'array_methods'
[INFO] [stdout]    --> /opt/rustwide/cargo-home/registry/src/github.com-1ecc6299db9ec823/phf_shared-0.4.9/src/lib.rs:91:35
[INFO] [stdout]     |
[INFO] [stdout] 91  |                 hasher.write(self.as_slice());
[INFO] [stdout]     |                                   ^^^^^^^^
[INFO] [stdout] ...
[INFO] [stdout] 109 | array_impl!(u8, 12);
[INFO] [stdout]     | -------------------- in this macro invocation
[INFO] [stdout]     |
[INFO] [stdout]     = note: see issue #76118 <https://github.com/rust-lang/rust/issues/76118> for more information
[INFO] [stdout]     = help: add `#![feature(array_methods)]` to the crate attributes to enable
[INFO] [stdout]     = note: this error originates in a macro (in Nightly builds, run with -Z macro-backtrace for more info)
[INFO] [stdout] 
[INFO] [stdout] 
[INFO] [stdout] error[E0658]: use of unstable library feature 'array_methods'
[INFO] [stdout]    --> /opt/rustwide/cargo-home/registry/src/github.com-1ecc6299db9ec823/phf_shared-0.4.9/src/lib.rs:91:35
[INFO] [stdout]     |
[INFO] [stdout] 91  |                 hasher.write(self.as_slice());
[INFO] [stdout]     |                                   ^^^^^^^^
[INFO] [stdout] ...
[INFO] [stdout] 110 | array_impl!(u8, 13);
[INFO] [stdout]     | -------------------- in this macro invocation
[INFO] [stdout]     |
[INFO] [stdout]     = note: see issue #76118 <https://github.com/rust-lang/rust/issues/76118> for more information
[INFO] [stdout]     = help: add `#![feature(array_methods)]` to the crate attributes to enable
[INFO] [stdout]     = note: this error originates in a macro (in Nightly builds, run with -Z macro-backtrace for more info)
[INFO] [stdout] 
[INFO] [stdout] 
[INFO] [stdout] error[E0658]: use of unstable library feature 'array_methods'
[INFO] [stdout]    --> /opt/rustwide/cargo-home/registry/src/github.com-1ecc6299db9ec823/phf_shared-0.4.9/src/lib.rs:91:35
[INFO] [stdout]     |
[INFO] [stdout] 91  |                 hasher.write(self.as_slice());
[INFO] [stdout]     |                                   ^^^^^^^^
[INFO] [stdout] ...
[INFO] [stdout] 111 | array_impl!(u8, 14);
[INFO] [stdout]     | -------------------- in this macro invocation
[INFO] [stdout]     |
[INFO] [stdout]     = note: see issue #76118 <https://github.com/rust-lang/rust/issues/76118> for more information
[INFO] [stdout]     = help: add `#![feature(array_methods)]` to the crate attributes to enable
[INFO] [stdout]     = note: this error originates in a macro (in Nightly builds, run with -Z macro-backtrace for more info)
[INFO] [stdout] 
[INFO] [stdout] 
[INFO] [stdout] error[E0658]: use of unstable library feature 'array_methods'
[INFO] [stdout]    --> /opt/rustwide/cargo-home/registry/src/github.com-1ecc6299db9ec823/phf_shared-0.4.9/src/lib.rs:91:35
[INFO] [stdout]     |
[INFO] [stdout] 91  |                 hasher.write(self.as_slice());
[INFO] [stdout]     |                                   ^^^^^^^^
[INFO] [stdout] ...
[INFO] [stdout] 112 | array_impl!(u8, 15);
[INFO] [stdout]     | -------------------- in this macro invocation
[INFO] [stdout]     |
[INFO] [stdout]     = note: see issue #76118 <https://github.com/rust-lang/rust/issues/76118> for more information
[INFO] [stdout]     = help: add `#![feature(array_methods)]` to the crate attributes to enable
[INFO] [stdout]     = note: this error originates in a macro (in Nightly builds, run with -Z macro-backtrace for more info)
[INFO] [stdout] 
[INFO] [stdout] 
[INFO] [stdout] error[E0658]: use of unstable library feature 'array_methods'
[INFO] [stdout]    --> /opt/rustwide/cargo-home/registry/src/github.com-1ecc6299db9ec823/phf_shared-0.4.9/src/lib.rs:91:35
[INFO] [stdout]     |
[INFO] [stdout] 91  |                 hasher.write(self.as_slice());
[INFO] [stdout]     |                                   ^^^^^^^^
[INFO] [stdout] ...
[INFO] [stdout] 113 | array_impl!(u8, 16);
[INFO] [stdout]     | -------------------- in this macro invocation
[INFO] [stdout]     |
[INFO] [stdout]     = note: see issue #76118 <https://github.com/rust-lang/rust/issues/76118> for more information
[INFO] [stdout]     = help: add `#![feature(array_methods)]` to the crate attributes to enable
[INFO] [stdout]     = note: this error originates in a macro (in Nightly builds, run with -Z macro-backtrace for more info)
[INFO] [stdout] 
[INFO] [stdout] 
[INFO] [stdout] error[E0658]: use of unstable library feature 'array_methods'
[INFO] [stdout]    --> /opt/rustwide/cargo-home/registry/src/github.com-1ecc6299db9ec823/phf_shared-0.4.9/src/lib.rs:91:35
[INFO] [stdout]     |
[INFO] [stdout] 91  |                 hasher.write(self.as_slice());
[INFO] [stdout]     |                                   ^^^^^^^^
[INFO] [stdout] ...
[INFO] [stdout] 114 | array_impl!(u8, 17);
[INFO] [stdout]     | -------------------- in this macro invocation
[INFO] [stdout]     |
[INFO] [stdout]     = note: see issue #76118 <https://github.com/rust-lang/rust/issues/76118> for more information
[INFO] [stdout]     = help: add `#![feature(array_methods)]` to the crate attributes to enable
[INFO] [stdout]     = note: this error originates in a macro (in Nightly builds, run with -Z macro-backtrace for more info)
[INFO] [stdout] 
[INFO] [stdout] 
[INFO] [stdout] error[E0658]: use of unstable library feature 'array_methods'
[INFO] [stdout]    --> /opt/rustwide/cargo-home/registry/src/github.com-1ecc6299db9ec823/phf_shared-0.4.9/src/lib.rs:91:35
[INFO] [stdout]     |
[INFO] [stdout] 91  |                 hasher.write(self.as_slice());
[INFO] [stdout]     |                                   ^^^^^^^^
[INFO] [stdout] ...
[INFO] [stdout] 115 | array_impl!(u8, 18);
[INFO] [stdout]     | -------------------- in this macro invocation
[INFO] [stdout]     |
[INFO] [stdout]     = note: see issue #76118 <https://github.com/rust-lang/rust/issues/76118> for more information
[INFO] [stdout]     = help: add `#![feature(array_methods)]` to the crate attributes to enable
[INFO] [stdout]     = note: this error originates in a macro (in Nightly builds, run with -Z macro-backtrace for more info)
[INFO] [stdout] 
[INFO] [stdout] 
[INFO] [stdout] error[E0658]: use of unstable library feature 'array_methods'
[INFO] [stdout]    --> /opt/rustwide/cargo-home/registry/src/github.com-1ecc6299db9ec823/phf_shared-0.4.9/src/lib.rs:91:35
[INFO] [stdout]     |
[INFO] [stdout] 91  |                 hasher.write(self.as_slice());
[INFO] [stdout]     |                                   ^^^^^^^^
[INFO] [stdout] ...
[INFO] [stdout] 116 | array_impl!(u8, 19);
[INFO] [stdout]     | -------------------- in this macro invocation
[INFO] [stdout]     |
[INFO] [stdout]     = note: see issue #76118 <https://github.com/rust-lang/rust/issues/76118> for more information
[INFO] [stdout]     = help: add `#![feature(array_methods)]` to the crate attributes to enable
[INFO] [stdout]     = note: this error originates in a macro (in Nightly builds, run with -Z macro-backtrace for more info)
[INFO] [stdout] 
[INFO] [stdout] 
[INFO] [stdout] error[E0658]: use of unstable library feature 'array_methods'
[INFO] [stdout]    --> /opt/rustwide/cargo-home/registry/src/github.com-1ecc6299db9ec823/phf_shared-0.4.9/src/lib.rs:91:35
[INFO] [stdout]     |
[INFO] [stdout] 91  |                 hasher.write(self.as_slice());
[INFO] [stdout]     |                                   ^^^^^^^^
[INFO] [stdout] ...
[INFO] [stdout] 117 | array_impl!(u8, 20);
[INFO] [stdout]     | -------------------- in this macro invocation
[INFO] [stdout]     |
[INFO] [stdout]     = note: see issue #76118 <https://github.com/rust-lang/rust/issues/76118> for more information
[INFO] [stdout]     = help: add `#![feature(array_methods)]` to the crate attributes to enable
[INFO] [stdout]     = note: this error originates in a macro (in Nightly builds, run with -Z macro-backtrace for more info)
[INFO] [stdout] 
[INFO] [stdout] 
[INFO] [stdout] error[E0658]: use of unstable library feature 'array_methods'
[INFO] [stdout]    --> /opt/rustwide/cargo-home/registry/src/github.com-1ecc6299db9ec823/phf_shared-0.4.9/src/lib.rs:91:35
[INFO] [stdout]     |
[INFO] [stdout] 91  |                 hasher.write(self.as_slice());
[INFO] [stdout]     |                                   ^^^^^^^^
[INFO] [stdout] ...
[INFO] [stdout] 118 | array_impl!(u8, 21);
[INFO] [stdout]     | -------------------- in this macro invocation
[INFO] [stdout]     |
[INFO] [stdout]     = note: see issue #76118 <https://github.com/rust-lang/rust/issues/76118> for more information
[INFO] [stdout]     = help: add `#![feature(array_methods)]` to the crate attributes to enable
[INFO] [stdout]     = note: this error originates in a macro (in Nightly builds, run with -Z macro-backtrace for more info)
[INFO] [stdout] 
[INFO] [stdout] 
[INFO] [stdout] error[E0658]: use of unstable library feature 'array_methods'
[INFO] [stdout]    --> /opt/rustwide/cargo-home/registry/src/github.com-1ecc6299db9ec823/phf_shared-0.4.9/src/lib.rs:91:35
[INFO] [stdout]     |
[INFO] [stdout] 91  |                 hasher.write(self.as_slice());
[INFO] [stdout]     |                                   ^^^^^^^^
[INFO] [stdout] ...
[INFO] [stdout] 119 | array_impl!(u8, 22);
[INFO] [stdout]     | -------------------- in this macro invocation
[INFO] [stdout]     |
[INFO] [stdout]     = note: see issue #76118 <https://github.com/rust-lang/rust/issues/76118> for more information
[INFO] [stdout]     = help: add `#![feature(array_methods)]` to the crate attributes to enable
[INFO] [stdout]     = note: this error originates in a macro (in Nightly builds, run with -Z macro-backtrace for more info)
[INFO] [stdout] 
[INFO] [stdout] 
[INFO] [stdout] error[E0658]: use of unstable library feature 'array_methods'
[INFO] [stdout]    --> /opt/rustwide/cargo-home/registry/src/github.com-1ecc6299db9ec823/phf_shared-0.4.9/src/lib.rs:91:35
[INFO] [stdout]     |
[INFO] [stdout] 91  |                 hasher.write(self.as_slice());
[INFO] [stdout]     |                                   ^^^^^^^^
[INFO] [stdout] ...
[INFO] [stdout] 120 | array_impl!(u8, 23);
[INFO] [stdout]     | -------------------- in this macro invocation
[INFO] [stdout]     |
[INFO] [stdout]     = note: see issue #76118 <https://github.com/rust-lang/rust/issues/76118> for more information
[INFO] [stdout]     = help: add `#![feature(array_methods)]` to the crate attributes to enable
[INFO] [stdout]     = note: this error originates in a macro (in Nightly builds, run with -Z macro-backtrace for more info)
[INFO] [stdout] 
[INFO] [stdout] 
[INFO] [stdout] error[E0658]: use of unstable library feature 'array_methods'
[INFO] [stdout]    --> /opt/rustwide/cargo-home/registry/src/github.com-1ecc6299db9ec823/phf_shared-0.4.9/src/lib.rs:91:35
[INFO] [stdout]     |
[INFO] [stdout] 91  |                 hasher.write(self.as_slice());
[INFO] [stdout]     |                                   ^^^^^^^^
[INFO] [stdout] ...
[INFO] [stdout] 121 | array_impl!(u8, 24);
[INFO] [stdout]     | -------------------- in this macro invocation
[INFO] [stdout]     |
[INFO] [stdout]     = note: see issue #76118 <https://github.com/rust-lang/rust/issues/76118> for more information
[INFO] [stdout]     = help: add `#![feature(array_methods)]` to the crate attributes to enable
[INFO] [stdout]     = note: this error originates in a macro (in Nightly builds, run with -Z macro-backtrace for more info)
[INFO] [stdout] 
[INFO] [stdout] 
[INFO] [stdout] error[E0658]: use of unstable library feature 'array_methods'
[INFO] [stdout]    --> /opt/rustwide/cargo-home/registry/src/github.com-1ecc6299db9ec823/phf_shared-0.4.9/src/lib.rs:91:35
[INFO] [stdout]     |
[INFO] [stdout] 91  |                 hasher.write(self.as_slice());
[INFO] [stdout]     |                                   ^^^^^^^^
[INFO] [stdout] ...
[INFO] [stdout] 122 | array_impl!(u8, 25);
[INFO] [stdout]     | -------------------- in this macro invocation
[INFO] [stdout]     |
[INFO] [stdout]     = note: see issue #76118 <https://github.com/rust-lang/rust/issues/76118> for more information
[INFO] [stdout]     = help: add `#![feature(array_methods)]` to the crate attributes to enable
[INFO] [stdout]     = note: this error originates in a macro (in Nightly builds, run with -Z macro-backtrace for more info)
[INFO] [stdout] 
[INFO] [stdout] 
[INFO] [stdout] error[E0658]: use of unstable library feature 'array_methods'
[INFO] [stdout]    --> /opt/rustwide/cargo-home/registry/src/github.com-1ecc6299db9ec823/phf_shared-0.4.9/src/lib.rs:91:35
[INFO] [stdout]     |
[INFO] [stdout] 91  |                 hasher.write(self.as_slice());
[INFO] [stdout]     |                                   ^^^^^^^^
[INFO] [stdout] ...
[INFO] [stdout] 123 | array_impl!(u8, 26);
[INFO] [stdout]     | -------------------- in this macro invocation
[INFO] [stdout]     |
[INFO] [stdout]     = note: see issue #76118 <https://github.com/rust-lang/rust/issues/76118> for more information
[INFO] [stdout]     = help: add `#![feature(array_methods)]` to the crate attributes to enable
[INFO] [stdout]     = note: this error originates in a macro (in Nightly builds, run with -Z macro-backtrace for more info)
[INFO] [stdout] 
[INFO] [stdout] 
[INFO] [stdout] error[E0658]: use of unstable library feature 'array_methods'
[INFO] [stdout]    --> /opt/rustwide/cargo-home/registry/src/github.com-1ecc6299db9ec823/phf_shared-0.4.9/src/lib.rs:91:35
[INFO] [stdout]     |
[INFO] [stdout] 91  |                 hasher.write(self.as_slice());
[INFO] [stdout]     |                                   ^^^^^^^^
[INFO] [stdout] ...
[INFO] [stdout] 124 | array_impl!(u8, 27);
[INFO] [stdout]     | -------------------- in this macro invocation
[INFO] [stdout]     |
[INFO] [stdout]     = note: see issue #76118 <https://github.com/rust-lang/rust/issues/76118> for more information
[INFO] [stdout]     = help: add `#![feature(array_methods)]` to the crate attributes to enable
[INFO] [stdout]     = note: this error originates in a macro (in Nightly builds, run with -Z macro-backtrace for more info)
[INFO] [stdout] 
[INFO] [stdout] 
[INFO] [stdout] error[E0658]: use of unstable library feature 'array_methods'
[INFO] [stdout]    --> /opt/rustwide/cargo-home/registry/src/github.com-1ecc6299db9ec823/phf_shared-0.4.9/src/lib.rs:91:35
[INFO] [stdout]     |
[INFO] [stdout] 91  |                 hasher.write(self.as_slice());
[INFO] [stdout]     |                                   ^^^^^^^^
[INFO] [stdout] ...
[INFO] [stdout] 125 | array_impl!(u8, 28);
[INFO] [stdout]     | -------------------- in this macro invocation
[INFO] [stdout]     |
[INFO] [stdout]     = note: see issue #76118 <https://github.com/rust-lang/rust/issues/76118> for more information
[INFO] [stdout]     = help: add `#![feature(array_methods)]` to the crate attributes to enable
[INFO] [stdout]     = note: this error originates in a macro (in Nightly builds, run with -Z macro-backtrace for more info)
[INFO] [stdout] 
[INFO] [stdout] 
[INFO] [stdout] error[E0658]: use of unstable library feature 'array_methods'
[INFO] [stdout]    --> /opt/rustwide/cargo-home/registry/src/github.com-1ecc6299db9ec823/phf_shared-0.4.9/src/lib.rs:91:35
[INFO] [stdout]     |
[INFO] [stdout] 91  |                 hasher.write(self.as_slice());
[INFO] [stdout]     |                                   ^^^^^^^^
[INFO] [stdout] ...
[INFO] [stdout] 126 | array_impl!(u8, 29);
[INFO] [stdout]     | -------------------- in this macro invocation
[INFO] [stdout]     |
[INFO] [stdout]     = note: see issue #76118 <https://github.com/rust-lang/rust/issues/76118> for more information
[INFO] [stdout]     = help: add `#![feature(array_methods)]` to the crate attributes to enable
[INFO] [stdout]     = note: this error originates in a macro (in Nightly builds, run with -Z macro-backtrace for more info)
[INFO] [stdout] 
[INFO] [stdout] 
[INFO] [stdout] error[E0658]: use of unstable library feature 'array_methods'
[INFO] [stdout]    --> /opt/rustwide/cargo-home/registry/src/github.com-1ecc6299db9ec823/phf_shared-0.4.9/src/lib.rs:91:35
[INFO] [stdout]     |
[INFO] [stdout] 91  |                 hasher.write(self.as_slice());
[INFO] [stdout]     |                                   ^^^^^^^^
[INFO] [stdout] ...
[INFO] [stdout] 127 | array_impl!(u8, 30);
[INFO] [stdout]     | -------------------- in this macro invocation
[INFO] [stdout]     |
[INFO] [stdout]     = note: see issue #76118 <https://github.com/rust-lang/rust/issues/76118> for more information
[INFO] [stdout]     = help: add `#![feature(array_methods)]` to the crate attributes to enable
[INFO] [stdout]     = note: this error originates in a macro (in Nightly builds, run with -Z macro-backtrace for more info)
[INFO] [stdout] 
[INFO] [stdout] 
[INFO] [stdout] error[E0658]: use of unstable library feature 'array_methods'
[INFO] [stdout]    --> /opt/rustwide/cargo-home/registry/src/github.com-1ecc6299db9ec823/phf_shared-0.4.9/src/lib.rs:91:35
[INFO] [stdout]     |
[INFO] [stdout] 91  |                 hasher.write(self.as_slice());
[INFO] [stdout]     |                                   ^^^^^^^^
[INFO] [stdout] ...
[INFO] [stdout] 128 | array_impl!(u8, 31);
[INFO] [stdout]     | -------------------- in this macro invocation
[INFO] [stdout]     |
[INFO] [stdout]     = note: see issue #76118 <https://github.com/rust-lang/rust/issues/76118> for more information
[INFO] [stdout]     = help: add `#![feature(array_methods)]` to the crate attributes to enable
[INFO] [stdout]     = note: this error originates in a macro (in Nightly builds, run with -Z macro-backtrace for more info)
[INFO] [stdout] 
[INFO] [stdout] 
[INFO] [stdout] error[E0658]: use of unstable library feature 'array_methods'
[INFO] [stdout]    --> /opt/rustwide/cargo-home/registry/src/github.com-1ecc6299db9ec823/phf_shared-0.4.9/src/lib.rs:91:35
[INFO] [stdout]     |
[INFO] [stdout] 91  |                 hasher.write(self.as_slice());
[INFO] [stdout]     |                                   ^^^^^^^^
[INFO] [stdout] ...
[INFO] [stdout] 129 | array_impl!(u8, 32);
[INFO] [stdout]     | -------------------- in this macro invocation
[INFO] [stdout]     |
[INFO] [stdout]     = note: see issue #76118 <https://github.com/rust-lang/rust/issues/76118> for more information
[INFO] [stdout]     = help: add `#![feature(array_methods)]` to the crate attributes to enable
[INFO] [stdout]     = note: this error originates in a macro (in Nightly builds, run with -Z macro-backtrace for more info)
[INFO] [stdout] 
[INFO] [stdout] 
[INFO] [stdout] error: aborting due to 37 previous errors
[INFO] [stdout] 
[INFO] [stdout] 
[INFO] [stdout] Some errors have detailed explanations: E0259, E0432, E0599, E0658.
[INFO] [stdout] 
[INFO] [stdout] For more information about an error, try `rustc --explain E0259`.
[INFO] [stdout] 
[INFO] [stdout] error[E0599]: no method named `as_slice` found for struct `String` in the current scope
[INFO] [stdout]   --> /opt/rustwide/cargo-home/registry/src/github.com-1ecc6299db9ec823/pkg-config-0.1.7/src/lib.rs:23:61
[INFO] [stdout]    |
[INFO] [stdout] 23 |     if os::getenv(format!("{}_NO_PKG_CONFIG", envify(name)).as_slice()).is_some() {
[INFO] [stdout]    |                                                             ^^^^^^^^ method not found in `String`
[INFO] [stdout] 
[INFO] [stdout] 
[INFO] [stdout] error[E0599]: no method named `as_slice` found for struct `String` in the current scope
[INFO] [stdout]   --> /opt/rustwide/cargo-home/registry/src/github.com-1ecc6299db9ec823/pkg-config-0.1.7/src/lib.rs:82:59
[INFO] [stdout]    |
[INFO] [stdout] 82 |     let statik = if os::getenv(format!("{}_STATIC", name).as_slice()).is_some() {
[INFO] [stdout]    |                                                           ^^^^^^^^ method not found in `String`
[INFO] [stdout] 
[INFO] [stdout] 
[INFO] [stdout] error[E0599]: no method named `as_slice` found for struct `String` in the current scope
[INFO] [stdout]   --> /opt/rustwide/cargo-home/registry/src/github.com-1ecc6299db9ec823/pkg-config-0.1.7/src/lib.rs:84:54
[INFO] [stdout]    |
[INFO] [stdout] 84 |     } else if os::getenv(format!("{}_DYNAMIC", name).as_slice()).is_some() {
[INFO] [stdout]    |                                                      ^^^^^^^^ method not found in `String`
[INFO] [stdout] 
[INFO] [stdout] 
[INFO] [stdout] error[E0369]: binary operation `==` cannot be applied to type `ToUppercase`
[INFO] [stdout]   --> /opt/rustwide/cargo-home/registry/src/github.com-1ecc6299db9ec823/pkg-config-0.1.7/src/lib.rs:97:57
[INFO] [stdout]    |
[INFO] [stdout] 97 |     name.chars().map(|c| c.to_uppercase()).map(|c| if c == '-' {'_'} else {c})
[INFO] [stdout]    |                                                       - ^^ --- char
[INFO] [stdout]    |                                                       |
[INFO] [stdout]    |                                                       ToUppercase
[INFO] [stdout] 
[INFO] [stdout] 
[INFO] [stdout] error[E0308]: `if` and `else` have incompatible types
[INFO] [stdout]   --> /opt/rustwide/cargo-home/registry/src/github.com-1ecc6299db9ec823/pkg-config-0.1.7/src/lib.rs:97:76
[INFO] [stdout]    |
[INFO] [stdout] 97 |     name.chars().map(|c| c.to_uppercase()).map(|c| if c == '-' {'_'} else {c})
[INFO] [stdout]    |                                                                 ---        ^ expected `char`, found struct `ToUppercase`
[INFO] [stdout]    |                                                                 |
[INFO] [stdout]    |                                                                 expected because of this
[INFO] [stdout] 
[INFO] [stdout] 
[INFO] [stdout] error: aborting due to 19 previous errors
[INFO] [stdout] 
[INFO] [stdout] 
[INFO] [stdout] Some errors have detailed explanations: E0308, E0369, E0412, E0425, E0432, E0433, E0599.
[INFO] [stdout] 
[INFO] [stdout] For more information about an error, try `rustc --explain E0308`.
[INFO] [stdout] 
[INFO] [stderr] error: build failed
[INFO] running `Command { std: "docker" "inspect" "b7f73b786db2224c525d1a50d5ce5771a12d46732ea2f3fd3880c6bd01d3b1cc", kill_on_drop: false }`
[INFO] running `Command { std: "docker" "rm" "-f" "b7f73b786db2224c525d1a50d5ce5771a12d46732ea2f3fd3880c6bd01d3b1cc", kill_on_drop: false }`
[INFO] [stdout] b7f73b786db2224c525d1a50d5ce5771a12d46732ea2f3fd3880c6bd01d3b1cc
